Last updated on 2025-02-19 09:50:45 CET.
Flavor | Version | Tinstall | Tcheck | Ttotal | Status | Flags |
---|---|---|---|---|---|---|
r-devel-linux-x86_64-debian-clang | 1.1-2 | 6.76 | 61.26 | 68.02 | NOTE | |
r-devel-linux-x86_64-debian-gcc | 1.1-2 | 5.52 | 45.88 | 51.40 | NOTE | |
r-devel-linux-x86_64-fedora-clang | 1.1-2 | 111.70 | NOTE | |||
r-devel-linux-x86_64-fedora-gcc | 1.1-2 | 119.43 | NOTE | |||
r-devel-macos-arm64 | 1.1-2 | 55.00 | NOTE | |||
r-devel-macos-x86_64 | 1.1-2 | 141.00 | NOTE | |||
r-devel-windows-x86_64 | 1.1-2 | 7.00 | 86.00 | 93.00 | NOTE | |
r-patched-linux-x86_64 | 1.1-2 | 5.45 | 56.61 | 62.06 | NOTE | |
r-release-linux-x86_64 | 1.1-2 | 6.06 | 57.10 | 63.16 | NOTE | |
r-release-macos-arm64 | 1.1-2 | 52.00 | NOTE | |||
r-release-macos-x86_64 | 1.1-2 | 115.00 | NOTE | |||
r-release-windows-x86_64 | 1.1-2 | 8.00 | 94.00 | 102.00 | NOTE | |
r-oldrel-macos-arm64 | 1.1-2 | 42.00 | OK | |||
r-oldrel-macos-x86_64 | 1.1-2 | 72.00 | OK | |||
r-oldrel-windows-x86_64 | 1.1-2 | 9.00 | 85.00 | 94.00 | OK |
Version: 1.1-2
Check: Rd files
Result: NOTE
checkRd: (-1) mya.Rd:18: Lost braces in \itemize; \value handles \item{}{} directly
checkRd: (-1) mya.Rd:19: Lost braces in \itemize; \value handles \item{}{} directly
checkRd: (-1) mya.Rd:20: Lost braces in \itemize; \value handles \item{}{} directly
checkRd: (-1) mya.Rd:21: Lost braces in \itemize; \value handles \item{}{} directly
checkRd: (-1) mya.Rd:22: Lost braces in \itemize; \value handles \item{}{} directly
Flavors: r-devel-linux-x86_64-debian-clang, r-devel-linux-x86_64-debian-gcc, r-devel-linux-x86_64-fedora-clang, r-devel-linux-x86_64-fedora-gcc, r-devel-macos-arm64, r-devel-macos-x86_64, r-devel-windows-x86_64, r-patched-linux-x86_64, r-release-linux-x86_64, r-release-macos-arm64, r-release-macos-x86_64, r-release-windows-x86_64