Last updated on 2025-02-19 09:50:45 CET.
Flavor | Version | Tinstall | Tcheck | Ttotal | Status | Flags |
---|---|---|---|---|---|---|
r-devel-linux-x86_64-debian-clang | 0.2.0 | 5.69 | 20.92 | 26.61 | OK | |
r-devel-linux-x86_64-debian-gcc | 0.2.0 | 4.15 | 16.18 | 20.33 | OK | |
r-devel-linux-x86_64-fedora-clang | 0.2.0 | 41.01 | OK | |||
r-devel-linux-x86_64-fedora-gcc | 0.2.0 | 39.83 | OK | |||
r-devel-macos-arm64 | 0.1.0 | 19.00 | OK | |||
r-devel-macos-x86_64 | 0.2.0 | 32.00 | OK | |||
r-devel-windows-x86_64 | 0.2.0 | 6.00 | 44.00 | 50.00 | OK | |
r-patched-linux-x86_64 | 0.2.0 | 5.77 | 20.05 | 25.82 | OK | |
r-release-linux-x86_64 | 0.2.0 | 5.48 | 19.80 | 25.28 | OK | |
r-release-macos-arm64 | 0.1.0 | 23.00 | OK | |||
r-release-macos-x86_64 | 0.2.0 | 36.00 | OK | |||
r-release-windows-x86_64 | 0.2.0 | 7.00 | 37.00 | 44.00 | OK | |
r-oldrel-macos-arm64 | 0.1.0 | 25.00 | NOTE | |||
r-oldrel-macos-x86_64 | 0.2.0 | 60.00 | NOTE | |||
r-oldrel-windows-x86_64 | 0.2.0 | 7.00 | 51.00 | 58.00 | OK |
Version: 0.1.0
Check: installed package size
Result: NOTE
installed size is 5.4Mb
sub-directories of 1Mb or more:
data 5.2Mb
Flavor: r-oldrel-macos-arm64
Version: 0.2.0
Check: installed package size
Result: NOTE
installed size is 5.4Mb
sub-directories of 1Mb or more:
data 5.2Mb
Flavor: r-oldrel-macos-x86_64