Last updated on 2025-02-20 09:50:45 CET.
Flavor | Version | Tinstall | Tcheck | Ttotal | Status | Flags |
---|---|---|---|---|---|---|
r-devel-linux-x86_64-debian-clang | 1.0.0 | 16.17 | 128.83 | 145.00 | OK | |
r-devel-linux-x86_64-debian-gcc | 1.0.0 | 12.81 | 91.26 | 104.07 | OK | |
r-devel-linux-x86_64-fedora-clang | 1.0.0 | 233.03 | OK | |||
r-devel-linux-x86_64-fedora-gcc | 1.0.0 | 219.41 | OK | |||
r-devel-macos-arm64 | 1.0.0 | 65.00 | OK | |||
r-devel-macos-x86_64 | 1.0.0 | 130.00 | OK | |||
r-devel-windows-x86_64 | 1.0.0 | 17.00 | 222.00 | 239.00 | OK | |
r-patched-linux-x86_64 | 1.0.0 | 14.85 | 119.73 | 134.58 | OK | |
r-release-linux-x86_64 | 1.0.0 | 16.02 | 119.26 | 135.28 | OK | |
r-release-macos-arm64 | 1.0.0 | 67.00 | OK | |||
r-release-macos-x86_64 | 1.0.0 | 107.00 | OK | |||
r-release-windows-x86_64 | 1.0.0 | 17.00 | 3.00 | 20.00 | FAIL | |
r-oldrel-macos-arm64 | 1.0.0 | 68.00 | OK | |||
r-oldrel-macos-x86_64 | 1.0.0 | 108.00 | OK | |||
r-oldrel-windows-x86_64 | 1.0.0 | 23.00 | 169.00 | 192.00 | OK |
Version: 1.0.0
Check: package dependencies
Result: FAIL
Flavor: r-release-windows-x86_64