Last updated on 2025-02-20 09:50:45 CET.
Flavor | Version | Tinstall | Tcheck | Ttotal | Status | Flags |
---|---|---|---|---|---|---|
r-devel-linux-x86_64-debian-clang | 1.0.1 | 2.20 | 19.94 | 22.14 | OK | |
r-devel-linux-x86_64-debian-gcc | 1.0.1 | 1.66 | 16.26 | 17.92 | OK | |
r-devel-linux-x86_64-fedora-clang | 1.0.1 | 35.85 | OK | |||
r-devel-linux-x86_64-fedora-gcc | 1.0.1 | 33.66 | OK | |||
r-devel-macos-arm64 | 1.0.1 | 16.00 | OK | |||
r-devel-macos-x86_64 | 1.0.1 | 25.00 | OK | |||
r-devel-windows-x86_64 | 1.0.1 | 3.00 | 44.00 | 47.00 | OK | |
r-patched-linux-x86_64 | 1.0.1 | 2.16 | 19.08 | 21.24 | OK | |
r-release-linux-x86_64 | 1.0.1 | 2.01 | 18.86 | 20.87 | OK | |
r-release-macos-arm64 | 1.0.1 | 20.00 | OK | |||
r-release-macos-x86_64 | 1.0.1 | 23.00 | OK | |||
r-release-windows-x86_64 | 1.0.1 | 3.00 | 3.00 | 6.00 | FAIL | |
r-oldrel-macos-arm64 | 1.0.1 | 18.00 | OK | |||
r-oldrel-macos-x86_64 | 1.0.1 | 22.00 | OK | |||
r-oldrel-windows-x86_64 | 1.0.1 | 3.00 | 42.00 | 45.00 | OK |
Version: 1.0.1
Check: package dependencies
Result: FAIL
Flavor: r-release-windows-x86_64