Last updated on 2025-02-17 09:49:37 CET.
Flavor | Version | Tinstall | Tcheck | Ttotal | Status | Flags |
---|---|---|---|---|---|---|
r-devel-linux-x86_64-debian-clang | 0.5.2 | 26.39 | 89.59 | 115.98 | NOTE | |
r-devel-linux-x86_64-debian-gcc | 0.5.2 | 19.19 | 61.36 | 80.55 | NOTE | |
r-devel-linux-x86_64-fedora-clang | 0.5.2 | 207.83 | OK | |||
r-devel-linux-x86_64-fedora-gcc | 0.5.2 | 188.65 | OK | |||
r-devel-macos-arm64 | 0.5.2 | 51.00 | OK | |||
r-devel-macos-x86_64 | 0.5.2 | 93.00 | OK | |||
r-devel-windows-x86_64 | 0.5.2 | 31.00 | 111.00 | 142.00 | NOTE | |
r-patched-linux-x86_64 | 0.5.2 | 33.72 | 81.04 | 114.76 | OK | |
r-release-linux-x86_64 | 0.5.2 | 26.11 | 81.60 | 107.71 | OK | |
r-release-macos-arm64 | 0.5.2 | 53.00 | OK | |||
r-release-macos-x86_64 | 0.5.2 | 72.00 | OK | |||
r-release-windows-x86_64 | 0.5.2 | 33.00 | 107.00 | 140.00 | OK | |
r-oldrel-macos-arm64 | 0.5.2 | 59.00 | OK | |||
r-oldrel-macos-x86_64 | 0.5.2 | 97.00 | OK | |||
r-oldrel-windows-x86_64 | 0.5.2 | 39.00 | 129.00 | 168.00 | OK |
Version: 0.5.2
Check: Rd cross-references
Result: NOTE
Found the following Rd file(s) with Rd \link{} targets missing package
anchors:
cnaOpt.Rd: configTable, rreduce, condTbl, cna
conCovOpt.Rd: configTable, cna
conCovOpt_utils.Rd: rreduce, condTbl
ereduce.Rd: full.ct
findOutcomes.Rd: configTable, cna, selectCases, full.ct
Please provide package anchors for all Rd \link{} targets not in the
package itself and the base packages.
Flavors: r-devel-linux-x86_64-debian-clang, r-devel-linux-x86_64-debian-gcc, r-devel-windows-x86_64