Last updated on 2025-02-20 09:50:45 CET.
Flavor | Version | Tinstall | Tcheck | Ttotal | Status | Flags |
---|---|---|---|---|---|---|
r-devel-linux-x86_64-debian-clang | 3.6.2 | 52.68 | 145.44 | 198.12 | OK | |
r-devel-linux-x86_64-debian-gcc | 3.6.2 | 45.97 | 98.61 | 144.58 | OK | |
r-devel-linux-x86_64-fedora-clang | 3.6.2 | 356.90 | OK | |||
r-devel-linux-x86_64-fedora-gcc | 3.6.2 | 359.79 | OK | |||
r-devel-macos-arm64 | 3.6.2 | 98.00 | OK | |||
r-devel-macos-x86_64 | 3.6.2 | 158.00 | OK | |||
r-devel-windows-x86_64 | 3.6.2 | 66.00 | 184.00 | 250.00 | OK | |
r-patched-linux-x86_64 | 3.6.2 | 61.39 | 139.73 | 201.12 | OK | |
r-release-linux-x86_64 | 3.6.2 | 59.51 | 138.74 | 198.25 | OK | |
r-release-macos-arm64 | 3.6.2 | 153.00 | OK | |||
r-release-macos-x86_64 | 3.6.2 | 197.00 | OK | |||
r-release-windows-x86_64 | 3.6.2 | 63.00 | 3.00 | 66.00 | FAIL | |
r-oldrel-macos-arm64 | 3.6.2 | 204.00 | OK | |||
r-oldrel-macos-x86_64 | 3.6.2 | 215.00 | OK | |||
r-oldrel-windows-x86_64 | 3.6.2 | 80.00 | 217.00 | 297.00 | OK |
Version: 3.6.2
Check: package dependencies
Result: FAIL
Flavor: r-release-windows-x86_64