CRAN Package Check Results for Package clustTMB

Last updated on 2025-07-04 09:49:47 CEST.

Flavor Version Tinstall Tcheck Ttotal Status Flags
r-devel-linux-x86_64-debian-clang 0.1.0 200.61 1263.28 1463.89 OK
r-devel-linux-x86_64-debian-gcc 0.1.0 163.70 900.17 1063.87 OK
r-devel-linux-x86_64-fedora-clang 0.1.0 963.82 ERROR
r-devel-linux-x86_64-fedora-gcc 0.1.0 1175.28 ERROR
r-devel-windows-x86_64 0.1.0 187.00 718.00 905.00 OK
r-patched-linux-x86_64 0.1.0 220.61 1339.66 1560.27 OK
r-release-linux-x86_64 0.1.0 216.26 1329.72 1545.98 OK
r-release-macos-arm64 0.1.0 358.00 OK
r-release-macos-x86_64 0.1.0 689.00 OK
r-release-windows-x86_64 0.1.0 192.00 740.00 932.00 OK
r-oldrel-macos-arm64 0.1.0 309.00 NOTE
r-oldrel-macos-x86_64 0.1.0 485.00 NOTE
r-oldrel-windows-x86_64 0.1.0 243.00 816.00 1059.00 OK

Check Details

Version: 0.1.0
Check: re-building of vignette outputs
Result: ERROR Error(s) in re-building vignettes: --- re-building ‘CovarianceStructure.Rmd’ using rmarkdown --- finished re-building ‘CovarianceStructure.Rmd’ Warning: elapsed-time limit of 1 hours reached for sub-process --- re-building ‘SpatialExMeuseData.Rmd’ using rmarkdown OMP: Warning #96: Cannot form a team with 24 threads, using 2 instead. OMP: Hint Consider unsetting KMP_DEVICE_THREAD_LIMIT (KMP_ALL_THREADS), KMP_TEAMS_THREAD_LIMIT, and OMP_THREAD_LIMIT (if any are set). SUMMARY: processing the following file failed: ‘SpatialExMeuseData.Rmd’ Error: Vignette re-building failed. Execution halted Flavor: r-devel-linux-x86_64-fedora-clang

Version: 0.1.0
Check: re-building of vignette outputs
Result: ERROR Error(s) in re-building vignettes: --- re-building ‘CovarianceStructure.Rmd’ using rmarkdown --- finished re-building ‘CovarianceStructure.Rmd’ Warning: elapsed-time limit of 1 hours reached for sub-process --- re-building ‘SpatialExMeuseData.Rmd’ using rmarkdown SUMMARY: processing the following file failed: ‘SpatialExMeuseData.Rmd’ Error: Vignette re-building failed. Execution halted Flavor: r-devel-linux-x86_64-fedora-gcc

Version: 0.1.0
Check: installed package size
Result: NOTE installed size is 84.4Mb sub-directories of 1Mb or more: libs 83.9Mb Flavors: r-oldrel-macos-arm64, r-oldrel-macos-x86_64