Last updated on 2025-02-20 09:50:45 CET.
Flavor | Version | Tinstall | Tcheck | Ttotal | Status | Flags |
---|---|---|---|---|---|---|
r-devel-linux-x86_64-debian-clang | 0.2.0 | 6.48 | 96.05 | 102.53 | NOTE | |
r-devel-linux-x86_64-debian-gcc | 0.2.0 | 4.37 | 67.14 | 71.51 | NOTE | |
r-devel-linux-x86_64-fedora-clang | 0.2.0 | 155.03 | OK | |||
r-devel-linux-x86_64-fedora-gcc | 0.2.0 | 174.96 | OK | |||
r-devel-macos-arm64 | 0.2.0 | 54.00 | OK | |||
r-devel-macos-x86_64 | 0.2.0 | 102.00 | OK | |||
r-devel-windows-x86_64 | 0.2.0 | 8.00 | 111.00 | 119.00 | NOTE | |
r-patched-linux-x86_64 | 0.2.0 | 14.34 | 88.21 | 102.55 | OK | |
r-release-linux-x86_64 | 0.2.0 | 7.14 | 86.96 | 94.10 | OK | |
r-release-macos-arm64 | 0.2.0 | 56.00 | NOTE | |||
r-release-macos-x86_64 | 0.2.0 | 81.00 | NOTE | |||
r-release-windows-x86_64 | 0.2.0 | 10.00 | 114.00 | 124.00 | NOTE | |
r-oldrel-macos-arm64 | 0.2.0 | 66.00 | NOTE | |||
r-oldrel-macos-x86_64 | 0.2.0 | 146.00 | NOTE | |||
r-oldrel-windows-x86_64 | 0.2.0 | 11.00 | 124.00 | 135.00 | NOTE |
Version: 0.2.0
Check: Rd cross-references
Result: NOTE
Found the following Rd file(s) with Rd \link{} targets missing package
anchors:
knitPrintListObjects.Rd: knitr
Please provide package anchors for all Rd \link{} targets not in the
package itself and the base packages.
Flavors: r-devel-linux-x86_64-debian-clang, r-devel-linux-x86_64-debian-gcc, r-devel-windows-x86_64
Version: 0.2.0
Check: installed package size
Result: NOTE
installed size is 7.6Mb
sub-directories of 1Mb or more:
doc 6.5Mb
Flavors: r-release-macos-arm64, r-release-macos-x86_64, r-release-windows-x86_64, r-oldrel-macos-arm64, r-oldrel-macos-x86_64, r-oldrel-windows-x86_64