Last updated on 2025-02-20 09:50:45 CET.
Flavor | Version | Tinstall | Tcheck | Ttotal | Status | Flags |
---|---|---|---|---|---|---|
r-devel-linux-x86_64-debian-clang | 1.0.0 | 1.84 | 19.52 | 21.36 | OK | |
r-devel-linux-x86_64-debian-gcc | 1.0.0 | 1.50 | 15.69 | 17.19 | OK | |
r-devel-linux-x86_64-fedora-clang | 1.0.0 | 34.16 | OK | |||
r-devel-linux-x86_64-fedora-gcc | 1.0.0 | 32.74 | OK | |||
r-devel-macos-arm64 | 1.0.0 | 16.00 | OK | |||
r-devel-macos-x86_64 | 1.0.0 | 31.00 | OK | |||
r-devel-windows-x86_64 | 1.0.0 | 3.00 | 43.00 | 46.00 | OK | |
r-patched-linux-x86_64 | 1.0.0 | 1.85 | 18.56 | 20.41 | OK | |
r-release-linux-x86_64 | 1.0.0 | 1.82 | 18.50 | 20.32 | OK | |
r-release-macos-arm64 | 1.0.0 | 19.00 | OK | |||
r-release-macos-x86_64 | 1.0.0 | 22.00 | OK | |||
r-release-windows-x86_64 | 1.0.0 | 3.00 | 3.00 | 6.00 | FAIL | |
r-oldrel-macos-arm64 | 1.0.0 | 17.00 | OK | |||
r-oldrel-macos-x86_64 | 1.0.0 | 21.00 | OK | |||
r-oldrel-windows-x86_64 | 1.0.0 | 5.00 | 48.00 | 53.00 | OK |
Version: 1.0.0
Check: package dependencies
Result: FAIL
Flavor: r-release-windows-x86_64