Last updated on 2025-02-20 09:50:45 CET.
Flavor | Version | Tinstall | Tcheck | Ttotal | Status | Flags |
---|---|---|---|---|---|---|
r-devel-linux-x86_64-debian-clang | 0.8.0 | 37.21 | 423.56 | 460.77 | OK | |
r-devel-linux-x86_64-debian-gcc | 0.8.0 | 25.35 | 259.16 | 284.51 | OK | |
r-devel-linux-x86_64-fedora-clang | 0.8.0 | 747.33 | OK | |||
r-devel-linux-x86_64-fedora-gcc | 0.8.0 | 734.09 | OK | |||
r-devel-macos-arm64 | 0.8.0 | 158.00 | OK | |||
r-devel-macos-x86_64 | 0.8.0 | 428.00 | OK | |||
r-devel-windows-x86_64 | 0.8.0 | 39.00 | 338.00 | 377.00 | OK | |
r-patched-linux-x86_64 | 0.8.0 | 37.62 | 387.61 | 425.23 | OK | |
r-release-linux-x86_64 | 0.8.0 | 37.68 | 388.76 | 426.44 | OK | |
r-release-macos-arm64 | 0.8.0 | 152.00 | NOTE | |||
r-release-macos-x86_64 | 0.8.0 | 295.00 | NOTE | |||
r-release-windows-x86_64 | 0.8.0 | 41.00 | 329.00 | 370.00 | NOTE | |
r-oldrel-macos-arm64 | 0.8.0 | 172.00 | NOTE | |||
r-oldrel-macos-x86_64 | 0.8.0 | 310.00 | NOTE | |||
r-oldrel-windows-x86_64 | 0.8.0 | 52.00 | 440.00 | 492.00 | NOTE |
Version: 0.8.0
Check: installed package size
Result: NOTE
installed size is 5.5Mb
sub-directories of 1Mb or more:
doc 1.5Mb
help 2.2Mb
Flavors: r-release-macos-arm64, r-release-macos-x86_64, r-release-windows-x86_64, r-oldrel-macos-arm64, r-oldrel-macos-x86_64, r-oldrel-windows-x86_64