Last updated on 2025-02-19 09:50:44 CET.
Flavor | Version | Tinstall | Tcheck | Ttotal | Status | Flags |
---|---|---|---|---|---|---|
r-devel-linux-x86_64-debian-clang | 1.1.0 | 3.34 | 31.91 | 35.25 | OK | |
r-devel-linux-x86_64-debian-gcc | 1.1.0 | 3.26 | 23.75 | 27.01 | OK | |
r-devel-linux-x86_64-fedora-clang | 1.1.0 | 56.71 | OK | |||
r-devel-linux-x86_64-fedora-gcc | 1.1.0 | 53.61 | OK | |||
r-devel-macos-arm64 | 1.1.0 | 19.00 | OK | |||
r-devel-macos-x86_64 | 1.1.0 | 38.00 | OK | |||
r-devel-windows-x86_64 | 1.1.0 | 4.00 | 54.00 | 58.00 | OK | |
r-patched-linux-x86_64 | 1.1.0 | 5.02 | 30.11 | 35.13 | OK | |
r-release-linux-x86_64 | 1.1.0 | 4.16 | 30.04 | 34.20 | OK | |
r-release-macos-arm64 | 1.1.0 | 23.00 | OK | |||
r-release-macos-x86_64 | 1.1.0 | 29.00 | OK | |||
r-release-windows-x86_64 | 1.1.0 | 5.00 | 3.00 | 8.00 | FAIL | |
r-oldrel-macos-arm64 | 1.1.0 | 20.00 | OK | |||
r-oldrel-macos-x86_64 | 1.1.0 | 32.00 | OK | |||
r-oldrel-windows-x86_64 | 1.1.0 | 6.00 | 60.00 | 66.00 | OK |
Version: 1.1.0
Check: package dependencies
Result: FAIL
Flavor: r-release-windows-x86_64