Last updated on 2025-02-19 09:50:44 CET.
Flavor | Version | Tinstall | Tcheck | Ttotal | Status | Flags |
---|---|---|---|---|---|---|
r-devel-linux-x86_64-debian-clang | 0.2.3 | 3.81 | 30.68 | 34.49 | NOTE | |
r-devel-linux-x86_64-debian-gcc | 0.2.3 | 2.17 | 23.71 | 25.88 | NOTE | |
r-devel-linux-x86_64-fedora-clang | 0.2.3 | 53.67 | NOTE | |||
r-devel-linux-x86_64-fedora-gcc | 0.2.3 | 51.47 | NOTE | |||
r-devel-macos-arm64 | 0.2.3 | 21.00 | NOTE | |||
r-devel-macos-x86_64 | 0.2.3 | 32.00 | NOTE | |||
r-devel-windows-x86_64 | 0.2.3 | 6.00 | 54.00 | 60.00 | NOTE | |
r-patched-linux-x86_64 | 0.2.3 | 3.78 | 29.04 | 32.82 | NOTE | |
r-release-linux-x86_64 | 0.2.3 | 3.17 | 29.09 | 32.26 | NOTE | |
r-release-macos-arm64 | 0.2.3 | 20.00 | NOTE | |||
r-release-macos-x86_64 | 0.2.3 | 29.00 | NOTE | |||
r-release-windows-x86_64 | 0.2.3 | 6.00 | 53.00 | 59.00 | NOTE | |
r-oldrel-macos-arm64 | 0.2.3 | 21.00 | OK | |||
r-oldrel-macos-x86_64 | 0.2.3 | 43.00 | OK | |||
r-oldrel-windows-x86_64 | 0.2.3 | 7.00 | 77.00 | 84.00 | OK |
Version: 0.2.3
Check: Rd files
Result: NOTE
checkRd: (-1) create_unit_tests.Rd:17: Lost braces; missing escapes or markup?
17 | Create `{testthat}` test cases for the code.
| ^
Flavors: r-devel-linux-x86_64-debian-clang, r-devel-linux-x86_64-debian-gcc, r-devel-linux-x86_64-fedora-clang, r-devel-linux-x86_64-fedora-gcc, r-devel-macos-arm64, r-devel-macos-x86_64, r-devel-windows-x86_64, r-patched-linux-x86_64, r-release-linux-x86_64, r-release-macos-arm64, r-release-macos-x86_64, r-release-windows-x86_64