Last updated on 2025-02-19 09:50:44 CET.
Flavor | Version | Tinstall | Tcheck | Ttotal | Status | Flags |
---|---|---|---|---|---|---|
r-devel-linux-x86_64-debian-clang | 1.0.2 | 8.15 | 152.15 | 160.30 | NOTE | |
r-devel-linux-x86_64-debian-gcc | 1.0.2 | 5.44 | 101.97 | 107.41 | NOTE | |
r-devel-linux-x86_64-fedora-clang | 1.0.2 | 253.35 | OK | |||
r-devel-linux-x86_64-fedora-gcc | 1.0.2 | 238.39 | OK | |||
r-devel-macos-arm64 | 1.0.2 | 63.00 | OK | |||
r-devel-macos-x86_64 | 1.0.2 | 146.00 | OK | |||
r-devel-windows-x86_64 | 1.0.2 | 9.00 | 163.00 | 172.00 | NOTE | |
r-patched-linux-x86_64 | 1.0.2 | 11.96 | 141.27 | 153.23 | OK | |
r-release-linux-x86_64 | 1.0.2 | 6.61 | 143.47 | 150.08 | OK | |
r-release-macos-arm64 | 1.0.2 | 69.00 | OK | |||
r-release-macos-x86_64 | 1.0.2 | 105.00 | OK | |||
r-release-windows-x86_64 | 1.0.2 | 10.00 | 3.00 | 13.00 | FAIL | |
r-oldrel-macos-arm64 | 1.0.2 | 75.00 | OK | |||
r-oldrel-macos-x86_64 | 1.0.2 | 136.00 | OK | |||
r-oldrel-windows-x86_64 | 1.0.2 | 11.00 | 185.00 | 196.00 | OK |
Version: 1.0.2
Check: Rd cross-references
Result: NOTE
Found the following Rd file(s) with Rd \link{} targets missing package
anchors:
cpt.geo-class.Rd: ggplot2
data.set.Rd: data.set-methods
data.set_-.Rd: data.set<--methods
pen.value.Rd: pen.value-methods
pen.value_-.Rd: pen.value<--methods
test.stat.Rd: test.stat-methods
test.stat_-.Rd: test.stat<--methods
Please provide package anchors for all Rd \link{} targets not in the
package itself and the base packages.
Flavors: r-devel-linux-x86_64-debian-clang, r-devel-linux-x86_64-debian-gcc, r-devel-windows-x86_64
Version: 1.0.2
Check: package dependencies
Result: FAIL
Flavor: r-release-windows-x86_64