CRAN Package Check Results for Package cglm

Last updated on 2025-02-20 09:50:45 CET.

Flavor Version Tinstall Tcheck Ttotal Status Flags
r-devel-linux-x86_64-debian-clang 1.1 19.64 28.38 48.02 OK
r-devel-linux-x86_64-debian-gcc 1.1 13.07 23.13 36.20 OK
r-devel-linux-x86_64-fedora-clang 1.1 86.64 OK
r-devel-linux-x86_64-fedora-gcc 1.1 75.88 OK
r-devel-macos-arm64 1.1 24.00 OK
r-devel-macos-x86_64 1.1 44.00 OK
r-devel-windows-x86_64 1.1 21.00 64.00 85.00 OK
r-patched-linux-x86_64 1.1 17.89 26.25 44.14 OK
r-release-linux-x86_64 1.1 19.29 26.20 45.49 OK
r-release-macos-arm64 1.1 34.00 OK
r-release-macos-x86_64 1.1 36.00 OK
r-release-windows-x86_64 1.1 22.00 3.00 25.00 FAIL
r-oldrel-macos-arm64 1.1 27.00 OK
r-oldrel-macos-x86_64 1.1 43.00 OK
r-oldrel-windows-x86_64 1.1 26.00 84.00 110.00 OK

Check Details

Version: 1.1
Check: package dependencies
Result: FAIL
Flavor: r-release-windows-x86_64