CRAN Package Check Results for Package ceterisParibus

Last updated on 2025-02-20 09:50:45 CET.

Flavor Version Tinstall Tcheck Ttotal Status Flags
r-devel-linux-x86_64-debian-clang 0.6 4.08 47.45 51.53 OK
r-devel-linux-x86_64-debian-gcc 0.6 3.59 34.89 38.48 OK
r-devel-linux-x86_64-fedora-clang 0.6 81.21 OK
r-devel-linux-x86_64-fedora-gcc 0.6 82.95 OK
r-devel-macos-arm64 0.6 36.00 OK
r-devel-macos-x86_64 0.6 65.00 OK
r-devel-windows-x86_64 0.6 7.00 70.00 77.00 OK
r-patched-linux-x86_64 0.6 4.26 43.99 48.25 OK
r-release-linux-x86_64 0.6 5.09 43.55 48.64 OK
r-release-macos-arm64 0.6 39.00 OK
r-release-macos-x86_64 0.6 58.00 OK
r-release-windows-x86_64 0.6 9.00 3.00 12.00 FAIL
r-oldrel-macos-arm64 0.6 40.00 OK
r-oldrel-macos-x86_64 0.6 56.00 OK
r-oldrel-windows-x86_64 0.6 9.00 81.00 90.00 OK

Check Details

Version: 0.6
Check: package dependencies
Result: FAIL
Flavor: r-release-windows-x86_64