Last updated on 2025-02-20 09:50:45 CET.
Flavor | Version | Tinstall | Tcheck | Ttotal | Status | Flags |
---|---|---|---|---|---|---|
r-devel-linux-x86_64-debian-clang | 2.1.0 | 7.13 | 161.86 | 168.99 | NOTE | |
r-devel-linux-x86_64-debian-gcc | 2.1.0 | 4.30 | 107.87 | 112.17 | NOTE | |
r-devel-linux-x86_64-fedora-clang | 2.1.0 | 265.64 | NOTE | |||
r-devel-linux-x86_64-fedora-gcc | 2.1.0 | 267.24 | NOTE | |||
r-devel-macos-arm64 | 2.1.0 | 76.00 | OK | |||
r-devel-macos-x86_64 | 2.1.0 | 173.00 | NOTE | |||
r-devel-windows-x86_64 | 2.1.0 | 7.00 | 153.00 | 160.00 | NOTE | |
r-patched-linux-x86_64 | 2.1.0 | 6.23 | 150.03 | 156.26 | OK | |
r-release-linux-x86_64 | 2.1.0 | 5.89 | 149.73 | 155.62 | OK | |
r-release-macos-arm64 | 2.1.0 | 65.00 | OK | |||
r-release-macos-x86_64 | 2.1.0 | 153.00 | OK | |||
r-release-windows-x86_64 | 2.1.0 | 8.00 | 158.00 | 166.00 | OK | |
r-oldrel-macos-arm64 | 2.1.0 | 73.00 | OK | |||
r-oldrel-macos-x86_64 | 2.1.0 | 215.00 | OK | |||
r-oldrel-windows-x86_64 | 2.1.0 | 9.00 | 194.00 | 203.00 | OK |
Version: 2.1.0
Check: DESCRIPTION meta-information
Result: NOTE
Missing dependency on R >= 4.1.0 because package code uses the pipe
|> or function shorthand \(...) syntax added in R 4.1.0.
File(s) using such syntax:
‘ce-hg.R’ ‘ce-mean.R’ ‘ce-prepdata.R’ ‘ce-quantiles.R’ ‘ce-uccs.R’
‘get-survey-files.R’ ‘read-expd.R’ ‘read-fmld.R’ ‘read-fmli.R’
‘read-mtbi.R’ ‘recode-ce-variables.R’
Flavors: r-devel-linux-x86_64-debian-clang, r-devel-linux-x86_64-debian-gcc, r-devel-linux-x86_64-fedora-clang, r-devel-linux-x86_64-fedora-gcc, r-devel-macos-x86_64, r-devel-windows-x86_64