CRAN Package Check Results for Package cepR

Last updated on 2025-02-19 09:50:44 CET.

Flavor Version Tinstall Tcheck Ttotal Status Flags
r-devel-linux-x86_64-debian-clang 0.1.2 3.61 31.72 35.33 OK
r-devel-linux-x86_64-debian-gcc 0.1.2 2.66 23.57 26.23 OK
r-devel-linux-x86_64-fedora-clang 0.1.2 56.79 OK
r-devel-linux-x86_64-fedora-gcc 0.1.2 52.25 OK
r-devel-macos-arm64 0.1.2 21.00 OK
r-devel-macos-x86_64 0.1.2 35.00 OK
r-devel-windows-x86_64 0.1.2 5.00 50.00 55.00 OK
r-patched-linux-x86_64 0.1.2 3.92 29.21 33.13 NOTE
r-release-linux-x86_64 0.1.2 3.90 29.16 33.06 NOTE
r-release-macos-arm64 0.1.2 20.00 NOTE
r-release-macos-x86_64 0.1.2 29.00 NOTE
r-release-windows-x86_64 0.1.2 5.00 3.00 8.00 FAIL
r-oldrel-macos-arm64 0.1.2 21.00 NOTE
r-oldrel-macos-x86_64 0.1.2 30.00 NOTE
r-oldrel-windows-x86_64 0.1.2 7.00 78.00 85.00 NOTE

Check Details

Version: 0.1.2
Check: LazyData
Result: NOTE 'LazyData' is specified without a 'data' directory Flavors: r-patched-linux-x86_64, r-release-linux-x86_64, r-release-macos-arm64, r-release-macos-x86_64, r-oldrel-macos-arm64, r-oldrel-macos-x86_64, r-oldrel-windows-x86_64

Version: 0.1.2
Check: package dependencies
Result: FAIL
Flavor: r-release-windows-x86_64