Last updated on 2025-02-19 09:50:44 CET.
Flavor | Version | Tinstall | Tcheck | Ttotal | Status | Flags |
---|---|---|---|---|---|---|
r-devel-linux-x86_64-debian-clang | 0.1.6 | 24.32 | 40.90 | 65.22 | OK | |
r-devel-linux-x86_64-debian-gcc | 0.1.6 | 17.28 | 30.24 | 47.52 | OK | |
r-devel-linux-x86_64-fedora-clang | 0.1.6 | 127.77 | OK | |||
r-devel-linux-x86_64-fedora-gcc | 0.1.6 | 111.65 | OK | |||
r-devel-macos-arm64 | 0.1.6 | 34.00 | OK | |||
r-devel-macos-x86_64 | 0.1.6 | 51.00 | OK | |||
r-devel-windows-x86_64 | 0.1.6 | 32.00 | 82.00 | 114.00 | OK | |
r-patched-linux-x86_64 | 0.1.6 | 26.74 | 39.16 | 65.90 | OK | |
r-release-linux-x86_64 | 0.1.6 | 24.69 | 38.92 | 63.61 | OK | |
r-release-macos-arm64 | 0.1.6 | 33.00 | OK | |||
r-release-macos-x86_64 | 0.1.6 | 70.00 | OK | |||
r-release-windows-x86_64 | 0.1.6 | 31.00 | 3.00 | 34.00 | FAIL | |
r-oldrel-macos-arm64 | 0.1.6 | 40.00 | OK | |||
r-oldrel-macos-x86_64 | 0.1.6 | 60.00 | OK | |||
r-oldrel-windows-x86_64 | 0.1.6 | 38.00 | 91.00 | 129.00 | OK |
Version: 0.1.6
Check: package dependencies
Result: FAIL
Flavor: r-release-windows-x86_64