CRAN Package Check Results for Package ccid

Last updated on 2025-02-19 09:50:44 CET.

Flavor Version Tinstall Tcheck Ttotal Status Flags
r-devel-linux-x86_64-debian-clang 1.2.0 2.87 111.99 114.86 OK
r-devel-linux-x86_64-debian-gcc 1.2.0 2.07 71.17 73.24 OK
r-devel-linux-x86_64-fedora-clang 1.2.0 212.98 NOTE
r-devel-linux-x86_64-fedora-gcc 1.2.0 200.10 NOTE
r-devel-macos-arm64 1.2.0 49.00 OK
r-devel-macos-x86_64 1.2.0 119.00 OK
r-devel-windows-x86_64 1.2.0 4.00 149.00 153.00 OK
r-patched-linux-x86_64 1.2.0 3.08 105.06 108.14 OK
r-release-linux-x86_64 1.2.0 2.78 106.75 109.53 OK
r-release-macos-arm64 1.2.0 51.00 OK
r-release-macos-x86_64 1.2.0 121.00 OK
r-release-windows-x86_64 1.2.0 5.00 3.00 8.00 FAIL
r-oldrel-macos-arm64 1.2.0 57.00 OK
r-oldrel-macos-x86_64 1.2.0 89.00 OK
r-oldrel-windows-x86_64 1.2.0 5.00 188.00 193.00 OK

Check Details

Version: 1.2.0
Check: dependencies in R code
Result: NOTE Namespace in Imports field not imported from: ‘GeneNet’ All declared Imports should be used. Flavors: r-devel-linux-x86_64-fedora-clang, r-devel-linux-x86_64-fedora-gcc

Version: 1.2.0
Check: package dependencies
Result: FAIL
Flavor: r-release-windows-x86_64