Last updated on 2025-02-19 09:50:44 CET.
Flavor | Version | Tinstall | Tcheck | Ttotal | Status | Flags |
---|---|---|---|---|---|---|
r-devel-linux-x86_64-debian-clang | 0.2.0 | 18.97 | 24.27 | 43.24 | OK | |
r-devel-linux-x86_64-debian-gcc | 0.2.0 | 13.57 | 19.58 | 33.15 | OK | |
r-devel-linux-x86_64-fedora-clang | 0.2.0 | 78.04 | OK | |||
r-devel-linux-x86_64-fedora-gcc | 0.2.0 | 74.36 | OK | |||
r-devel-macos-arm64 | 0.2.0 | 25.00 | OK | |||
r-devel-macos-x86_64 | 0.2.0 | 47.00 | OK | |||
r-devel-windows-x86_64 | 0.2.0 | 22.00 | 59.00 | 81.00 | OK | |
r-patched-linux-x86_64 | 0.2.0 | 19.35 | 23.14 | 42.49 | OK | |
r-release-linux-x86_64 | 0.2.0 | 18.47 | 23.02 | 41.49 | OK | |
r-release-macos-arm64 | 0.2.0 | 25.00 | OK | |||
r-release-macos-x86_64 | 0.2.0 | 40.00 | OK | |||
r-release-windows-x86_64 | 0.2.0 | 22.00 | 3.00 | 25.00 | FAIL | |
r-oldrel-macos-arm64 | 0.2.0 | 28.00 | OK | |||
r-oldrel-macos-x86_64 | 0.2.0 | 39.00 | OK | |||
r-oldrel-windows-x86_64 | 0.2.0 | 28.00 | 71.00 | 99.00 | OK |
Version: 0.2.0
Check: package dependencies
Result: FAIL
Flavor: r-release-windows-x86_64