Last updated on 2025-02-19 09:50:44 CET.
Flavor | Version | Tinstall | Tcheck | Ttotal | Status | Flags |
---|---|---|---|---|---|---|
r-devel-linux-x86_64-debian-clang | 0.1.4 | 7.18 | 55.87 | 63.05 | OK | |
r-devel-linux-x86_64-debian-gcc | 0.1.4 | 4.63 | 38.43 | 43.06 | OK | |
r-devel-linux-x86_64-fedora-clang | 0.1.4 | 95.63 | NOTE | |||
r-devel-linux-x86_64-fedora-gcc | 0.1.4 | 89.06 | NOTE | |||
r-devel-macos-arm64 | 0.1.4 | 37.00 | OK | |||
r-devel-macos-x86_64 | 0.1.4 | 54.00 | OK | |||
r-devel-windows-x86_64 | 0.1.4 | 8.00 | 75.00 | 83.00 | OK | |
r-patched-linux-x86_64 | 0.1.4 | 6.68 | 50.77 | 57.45 | NOTE | |
r-release-linux-x86_64 | 0.1.4 | 5.35 | 50.38 | 55.73 | NOTE | |
r-release-macos-arm64 | 0.1.4 | 32.00 | NOTE | |||
r-release-macos-x86_64 | 0.1.4 | 45.00 | NOTE | |||
r-release-windows-x86_64 | 0.1.4 | 8.00 | 3.00 | 11.00 | FAIL | |
r-oldrel-macos-arm64 | 0.1.4 | 32.00 | NOTE | |||
r-oldrel-macos-x86_64 | 0.1.4 | 46.00 | NOTE | |||
r-oldrel-windows-x86_64 | 0.1.4 | 11.00 | 112.00 | 123.00 | NOTE |
Version: 0.1.4
Check: dependencies in R code
Result: NOTE
Namespaces in Imports field not imported from:
‘broom’ ‘epitools’
All declared Imports should be used.
Flavors: r-devel-linux-x86_64-fedora-clang, r-devel-linux-x86_64-fedora-gcc
Version: 0.1.4
Check: LazyData
Result: NOTE
'LazyData' is specified without a 'data' directory
Flavors: r-patched-linux-x86_64, r-release-linux-x86_64, r-release-macos-arm64, r-release-macos-x86_64, r-oldrel-macos-arm64, r-oldrel-macos-x86_64, r-oldrel-windows-x86_64
Version: 0.1.4
Check: package dependencies
Result: FAIL
Flavor: r-release-windows-x86_64