Last updated on 2025-02-15 09:52:38 CET.
Flavor | Version | Tinstall | Tcheck | Ttotal | Status | Flags |
---|---|---|---|---|---|---|
r-devel-linux-x86_64-debian-clang | 1.1.0 | 3.28 | 23.89 | 27.17 | OK | |
r-devel-linux-x86_64-debian-gcc | 1.1.0 | 2.58 | 19.04 | 21.62 | OK | |
r-devel-linux-x86_64-fedora-clang | 1.1.0 | 43.40 | NOTE | |||
r-devel-linux-x86_64-fedora-gcc | 1.1.0 | 40.82 | NOTE | |||
r-devel-macos-arm64 | 1.1.0 | 17.00 | OK | |||
r-devel-macos-x86_64 | 1.1.0 | 28.00 | OK | |||
r-devel-windows-x86_64 | 1.1.0 | 7.00 | 52.00 | 59.00 | OK | |
r-patched-linux-x86_64 | 1.1.0 | 3.55 | 22.63 | 26.18 | OK | |
r-release-linux-x86_64 | 1.1.0 | 2.70 | 23.21 | 25.91 | OK | |
r-release-macos-arm64 | 1.1.0 | 17.00 | NOTE | |||
r-release-macos-x86_64 | 1.1.0 | 23.00 | NOTE | |||
r-release-windows-x86_64 | 1.1.0 | 6.00 | 56.00 | 62.00 | NOTE | |
r-oldrel-macos-arm64 | 1.1.0 | 18.00 | NOTE | |||
r-oldrel-macos-x86_64 | 1.1.0 | 37.00 | NOTE | |||
r-oldrel-windows-x86_64 | 1.1.0 | 7.00 | 51.00 | 58.00 | NOTE |
Version: 1.1.0
Check: dependencies in R code
Result: NOTE
Namespace in Imports field not imported from: ‘shiny’
All declared Imports should be used.
Flavors: r-devel-linux-x86_64-fedora-clang, r-devel-linux-x86_64-fedora-gcc
Version: 1.1.0
Check: installed package size
Result: NOTE
installed size is 12.2Mb
sub-directories of 1Mb or more:
www 12.1Mb
Flavors: r-release-macos-arm64, r-release-macos-x86_64, r-release-windows-x86_64, r-oldrel-macos-arm64, r-oldrel-macos-x86_64, r-oldrel-windows-x86_64