Last updated on 2025-02-20 09:50:44 CET.
Flavor | Version | Tinstall | Tcheck | Ttotal | Status | Flags |
---|---|---|---|---|---|---|
r-devel-linux-x86_64-debian-clang | 1.7 | 9.46 | 76.24 | 85.70 | NOTE | |
r-devel-linux-x86_64-debian-gcc | 1.7 | 6.79 | 55.68 | 62.47 | NOTE | |
r-devel-linux-x86_64-fedora-clang | 1.7 | 132.92 | OK | |||
r-devel-linux-x86_64-fedora-gcc | 1.7 | 138.91 | OK | |||
r-devel-macos-arm64 | 1.7 | 44.00 | OK | |||
r-devel-macos-x86_64 | 1.7 | 92.00 | OK | |||
r-devel-windows-x86_64 | 1.7 | 10.00 | 90.00 | 100.00 | NOTE | |
r-patched-linux-x86_64 | 1.7 | 8.59 | 72.46 | 81.05 | OK | |
r-release-linux-x86_64 | 1.7 | 8.58 | 72.38 | 80.96 | OK | |
r-release-macos-arm64 | 1.7 | 39.00 | OK | |||
r-release-macos-x86_64 | 1.7 | 59.00 | OK | |||
r-release-windows-x86_64 | 1.7 | 9.00 | 3.00 | 12.00 | FAIL | |
r-oldrel-macos-arm64 | 1.7 | 39.00 | OK | |||
r-oldrel-macos-x86_64 | 1.7 | 91.00 | OK | |||
r-oldrel-windows-x86_64 | 1.7 | 12.00 | 122.00 | 134.00 | OK |
Version: 1.7
Check: Rd cross-references
Result: NOTE
Found the following Rd file(s) with Rd \link{} targets missing package
anchors:
persistence.prob.Rd: coxph, survreg
Please provide package anchors for all Rd \link{} targets not in the
package itself and the base packages.
Flavors: r-devel-linux-x86_64-debian-clang, r-devel-linux-x86_64-debian-gcc, r-devel-windows-x86_64
Version: 1.7
Check: package dependencies
Result: FAIL
Flavor: r-release-windows-x86_64