CRAN Package Check Results for Package calcUnique

Last updated on 2025-02-19 09:50:44 CET.

Flavor Version Tinstall Tcheck Ttotal Status Flags
r-devel-linux-x86_64-debian-clang 0.1.2 1.18 17.59 18.77 NOTE
r-devel-linux-x86_64-debian-gcc 0.1.2 1.26 14.49 15.75 NOTE
r-devel-linux-x86_64-fedora-clang 0.1.2 30.80 NOTE
r-devel-linux-x86_64-fedora-gcc 0.1.2 29.14 NOTE
r-devel-macos-arm64 0.1.2 17.00 NOTE
r-devel-macos-x86_64 0.1.2 25.00 NOTE
r-devel-windows-x86_64 0.1.2 2.00 47.00 49.00 NOTE
r-patched-linux-x86_64 0.1.2 1.40 17.02 18.42 NOTE
r-release-linux-x86_64 0.1.2 1.35 17.12 18.47 NOTE
r-release-macos-arm64 0.1.2 21.00 NOTE
r-release-macos-x86_64 0.1.2 22.00 NOTE
r-release-windows-x86_64 0.1.2 2.00 3.00 5.00 FAIL
r-oldrel-macos-arm64 0.1.2 17.00 NOTE
r-oldrel-macos-x86_64 0.1.2 20.00 NOTE
r-oldrel-windows-x86_64 0.1.2 3.00 62.00 65.00 NOTE

Check Details

Version: 0.1.2
Check: Rd files
Result: NOTE checkRd: (-1) calcUnique.Rd:24: Lost braces 24 | functions, and often the /code{cut()} function are relatively slow when working with tens of millions of rows or more. | ^ Flavors: r-devel-linux-x86_64-debian-clang, r-devel-linux-x86_64-debian-gcc, r-devel-linux-x86_64-fedora-clang, r-devel-linux-x86_64-fedora-gcc, r-devel-macos-arm64, r-devel-macos-x86_64, r-devel-windows-x86_64, r-patched-linux-x86_64, r-release-linux-x86_64, r-release-macos-arm64, r-release-macos-x86_64

Version: 0.1.2
Check: LazyData
Result: NOTE 'LazyData' is specified without a 'data' directory Flavors: r-patched-linux-x86_64, r-release-linux-x86_64, r-release-macos-arm64, r-release-macos-x86_64, r-oldrel-macos-arm64, r-oldrel-macos-x86_64, r-oldrel-windows-x86_64

Version: 0.1.2
Check: package dependencies
Result: FAIL
Flavor: r-release-windows-x86_64