CRAN Package Check Results for Package butterflyOptions

Last updated on 2025-02-19 09:50:43 CET.

Flavor Version Tinstall Tcheck Ttotal Status Flags
r-devel-linux-x86_64-debian-clang 1.0.1 5.16 38.28 43.44 OK
r-devel-linux-x86_64-debian-gcc 1.0.1 3.52 27.04 30.56 OK
r-devel-linux-x86_64-fedora-clang 1.0.1 65.53 OK
r-devel-linux-x86_64-fedora-gcc 1.0.1 62.48 OK
r-devel-macos-arm64 1.0.1 24.00 OK
r-devel-macos-x86_64 1.0.1 41.00 OK
r-devel-windows-x86_64 1.0.1 7.00 54.00 61.00 OK
r-patched-linux-x86_64 1.0.1 4.09 34.47 38.56 OK
r-release-linux-x86_64 1.0.1 4.44 34.88 39.32 OK
r-release-macos-arm64 1.0.1 23.00 OK
r-release-macos-x86_64 1.0.1 34.00 OK
r-release-windows-x86_64 1.0.1 6.00 3.00 9.00 FAIL
r-oldrel-macos-arm64 1.0.1 25.00 OK
r-oldrel-macos-x86_64 1.0.1 33.00 OK
r-oldrel-windows-x86_64 1.0.1 8.00 81.00 89.00 OK

Check Details

Version: 1.0.1
Check: package dependencies
Result: FAIL
Flavor: r-release-windows-x86_64