CRAN Package Check Results for Package bulkQC

Last updated on 2025-02-19 09:50:43 CET.

Flavor Version Tinstall Tcheck Ttotal Status Flags
r-devel-linux-x86_64-debian-clang 1.1 2.40 25.55 27.95 OK
r-devel-linux-x86_64-debian-gcc 1.1 1.85 19.61 21.46 OK
r-devel-linux-x86_64-fedora-clang 1.1 44.34 OK
r-devel-linux-x86_64-fedora-gcc 1.1 41.94 OK
r-devel-macos-arm64 1.1 18.00 OK
r-devel-macos-x86_64 1.1 31.00 OK
r-devel-windows-x86_64 1.1 4.00 52.00 56.00 OK
r-patched-linux-x86_64 1.1 1.74 24.44 26.18 OK
r-release-linux-x86_64 1.1 1.64 24.02 25.66 OK
r-release-macos-arm64 1.1 18.00 OK
r-release-macos-x86_64 1.1 32.00 OK
r-release-windows-x86_64 1.1 4.00 3.00 7.00 FAIL
r-oldrel-macos-arm64 1.1 23.00 OK
r-oldrel-macos-x86_64 1.1 42.00 OK
r-oldrel-windows-x86_64 1.1 4.00 53.00 57.00 OK

Check Details

Version: 1.1
Check: package dependencies
Result: FAIL
Flavor: r-release-windows-x86_64