Last updated on 2025-02-19 09:50:43 CET.
Flavor | Version | Tinstall | Tcheck | Ttotal | Status | Flags |
---|---|---|---|---|---|---|
r-devel-linux-x86_64-debian-clang | 0.1.0 | 6.86 | 46.36 | 53.22 | NOTE | |
r-devel-linux-x86_64-debian-gcc | 0.1.0 | 4.49 | 33.09 | 37.58 | NOTE | |
r-devel-linux-x86_64-fedora-clang | 0.1.0 | 82.91 | NOTE | |||
r-devel-linux-x86_64-fedora-gcc | 0.1.0 | 78.34 | NOTE | |||
r-devel-macos-arm64 | 0.1.0 | 31.00 | NOTE | |||
r-devel-macos-x86_64 | 0.1.0 | 49.00 | NOTE | |||
r-devel-windows-x86_64 | 0.1.0 | 10.00 | 64.00 | 74.00 | NOTE | |
r-patched-linux-x86_64 | 0.1.0 | 5.99 | 42.63 | 48.62 | NOTE | |
r-release-linux-x86_64 | 0.1.0 | 6.29 | 42.67 | 48.96 | NOTE | |
r-release-macos-arm64 | 0.1.0 | 27.00 | NOTE | |||
r-release-macos-x86_64 | 0.1.0 | 62.00 | NOTE | |||
r-release-windows-x86_64 | 0.1.0 | 8.00 | 3.00 | 11.00 | FAIL | |
r-oldrel-macos-arm64 | 0.1.0 | 26.00 | OK | |||
r-oldrel-macos-x86_64 | 0.1.0 | 40.00 | OK | |||
r-oldrel-windows-x86_64 | 0.1.0 | 10.00 | 66.00 | 76.00 | OK |
Version: 0.1.0
Check: Rd files
Result: NOTE
checkRd: (-1) printHands.Rd:40: Lost braces in \itemize; meant \describe ?
checkRd: (-1) printHands.Rd:41: Lost braces in \itemize; meant \describe ?
checkRd: (-1) printHands.Rd:42: Lost braces in \itemize; meant \describe ?
Flavors: r-devel-linux-x86_64-debian-clang, r-devel-linux-x86_64-debian-gcc, r-devel-linux-x86_64-fedora-clang, r-devel-linux-x86_64-fedora-gcc, r-devel-macos-arm64, r-devel-macos-x86_64, r-devel-windows-x86_64, r-patched-linux-x86_64, r-release-linux-x86_64, r-release-macos-arm64, r-release-macos-x86_64
Version: 0.1.0
Check: dependencies in R code
Result: NOTE
Namespace in Imports field not imported from: ‘kableExtra’
All declared Imports should be used.
Flavors: r-devel-linux-x86_64-fedora-clang, r-devel-linux-x86_64-fedora-gcc
Version: 0.1.0
Check: package dependencies
Result: FAIL
Flavor: r-release-windows-x86_64