Last updated on 2025-02-20 09:50:44 CET.
Flavor | Version | Tinstall | Tcheck | Ttotal | Status | Flags |
---|---|---|---|---|---|---|
r-devel-linux-x86_64-debian-clang | 1.6 | 18.61 | 140.45 | 159.06 | OK | |
r-devel-linux-x86_64-debian-gcc | 1.6 | 12.90 | 94.51 | 107.41 | OK | |
r-devel-linux-x86_64-fedora-clang | 1.6 | 246.43 | OK | |||
r-devel-linux-x86_64-fedora-gcc | 1.6 | 236.30 | OK | |||
r-devel-macos-arm64 | 1.6 | 67.00 | OK | |||
r-devel-macos-x86_64 | 1.6 | 153.00 | OK | |||
r-devel-windows-x86_64 | 1.6 | 21.00 | 139.00 | 160.00 | OK | |
r-patched-linux-x86_64 | 1.6 | 19.03 | 126.35 | 145.38 | OK | |
r-release-linux-x86_64 | 1.6 | 14.88 | 125.16 | 140.04 | OK | |
r-release-macos-arm64 | 1.6 | 60.00 | OK | |||
r-release-macos-x86_64 | 1.6 | 98.00 | OK | |||
r-release-windows-x86_64 | 1.6 | 21.00 | 3.00 | 24.00 | FAIL | |
r-oldrel-macos-arm64 | 1.6 | 50.00 | OK | |||
r-oldrel-macos-x86_64 | 1.6 | 77.00 | OK | |||
r-oldrel-windows-x86_64 | 1.6 | 27.00 | 164.00 | 191.00 | OK |
Version: 1.6
Check: package dependencies
Result: FAIL
Flavor: r-release-windows-x86_64