Last updated on 2025-02-20 09:50:44 CET.
Flavor | Version | Tinstall | Tcheck | Ttotal | Status | Flags |
---|---|---|---|---|---|---|
r-devel-linux-x86_64-debian-clang | 1.0.2 | 1.82 | 19.96 | 21.78 | OK | |
r-devel-linux-x86_64-debian-gcc | 1.0.2 | 1.47 | 16.36 | 17.83 | OK | |
r-devel-linux-x86_64-fedora-clang | 1.0.2 | 34.31 | OK | |||
r-devel-linux-x86_64-fedora-gcc | 1.0.2 | 33.05 | OK | |||
r-devel-macos-arm64 | 1.0.2 | 26.00 | OK | |||
r-devel-macos-x86_64 | 1.0.2 | 35.00 | OK | |||
r-devel-windows-x86_64 | 1.0.2 | 4.00 | 49.00 | 53.00 | OK | |
r-patched-linux-x86_64 | 1.0.2 | 1.99 | 19.29 | 21.28 | OK | |
r-release-linux-x86_64 | 1.0.2 | 1.76 | 19.07 | 20.83 | OK | |
r-release-macos-arm64 | 1.0.2 | 29.00 | OK | |||
r-release-macos-x86_64 | 1.0.2 | 31.00 | OK | |||
r-release-windows-x86_64 | 1.0.2 | 4.00 | 3.00 | 7.00 | FAIL | |
r-oldrel-macos-arm64 | 1.0.2 | 22.00 | OK | |||
r-oldrel-macos-x86_64 | 1.0.2 | 26.00 | OK | |||
r-oldrel-windows-x86_64 | 1.0.2 | 3.00 | 50.00 | 53.00 | OK |
Version: 1.0.2
Check: package dependencies
Result: FAIL
Flavor: r-release-windows-x86_64