Last updated on 2025-02-19 09:50:43 CET.
Flavor | Version | Tinstall | Tcheck | Ttotal | Status | Flags |
---|---|---|---|---|---|---|
r-devel-linux-x86_64-debian-clang | 0.1.0 | 4.95 | 38.34 | 43.29 | OK | |
r-devel-linux-x86_64-debian-gcc | 0.1.0 | 3.72 | 27.37 | 31.09 | OK | |
r-devel-linux-x86_64-fedora-clang | 0.1.0 | 66.33 | OK | |||
r-devel-linux-x86_64-fedora-gcc | 0.1.0 | 63.37 | OK | |||
r-devel-macos-arm64 | 0.1.0 | 26.00 | OK | |||
r-devel-macos-x86_64 | 0.1.0 | 47.00 | OK | |||
r-devel-windows-x86_64 | 0.1.0 | 6.00 | 64.00 | 70.00 | OK | |
r-patched-linux-x86_64 | 0.1.0 | 4.96 | 35.22 | 40.18 | OK | |
r-release-linux-x86_64 | 0.1.0 | 5.16 | 35.72 | 40.88 | OK | |
r-release-macos-arm64 | 0.1.0 | 27.00 | OK | |||
r-release-macos-x86_64 | 0.1.0 | 37.00 | OK | |||
r-release-windows-x86_64 | 0.1.0 | 6.00 | 3.00 | 9.00 | FAIL | |
r-oldrel-macos-arm64 | 0.1.0 | 25.00 | OK | |||
r-oldrel-macos-x86_64 | 0.1.0 | 35.00 | OK | |||
r-oldrel-windows-x86_64 | 0.1.0 | 7.00 | 70.00 | 77.00 | OK |
Version: 0.1.0
Check: package dependencies
Result: FAIL
Flavor: r-release-windows-x86_64