Last updated on 2025-02-17 09:49:36 CET.
Flavor | Version | Tinstall | Tcheck | Ttotal | Status | Flags |
---|---|---|---|---|---|---|
r-devel-linux-x86_64-debian-clang | 0.5 | 11.32 | 87.63 | 98.95 | NOTE | |
r-devel-linux-x86_64-debian-gcc | 0.5 | 8.32 | 63.23 | 71.55 | NOTE | |
r-devel-linux-x86_64-fedora-clang | 0.5 | 165.51 | OK | |||
r-devel-linux-x86_64-fedora-gcc | 0.5 | 169.51 | OK | |||
r-devel-macos-arm64 | 0.5 | 61.00 | OK | |||
r-devel-macos-x86_64 | 0.5 | 129.00 | OK | |||
r-devel-windows-x86_64 | 0.5 | 15.00 | 105.00 | 120.00 | NOTE | |
r-patched-linux-x86_64 | 0.5 | 16.09 | 81.85 | 97.94 | OK | |
r-release-linux-x86_64 | 0.5 | 10.21 | 83.55 | 93.76 | OK | |
r-release-macos-arm64 | 0.5 | 59.00 | OK | |||
r-release-macos-x86_64 | 0.5 | 89.00 | OK | |||
r-release-windows-x86_64 | 0.5 | 13.00 | 104.00 | 117.00 | OK | |
r-oldrel-macos-arm64 | 0.5 | 71.00 | OK | |||
r-oldrel-macos-x86_64 | 0.5 | 103.00 | OK | |||
r-oldrel-windows-x86_64 | 0.5 | 17.00 | 122.00 | 139.00 | OK |
Version: 0.5
Check: Rd cross-references
Result: NOTE
Found the following Rd file(s) with Rd \link{} targets missing package
anchors:
bmem.Rd: sem
power.bmem.Rd: model.syntax
power.curve.Rd: model.syntax
summary.power.Rd: lavaan
Please provide package anchors for all Rd \link{} targets not in the
package itself and the base packages.
Flavors: r-devel-linux-x86_64-debian-clang, r-devel-linux-x86_64-debian-gcc, r-devel-windows-x86_64