Last updated on 2025-02-19 09:50:43 CET.
Flavor | Version | Tinstall | Tcheck | Ttotal | Status | Flags |
---|---|---|---|---|---|---|
r-devel-linux-x86_64-debian-clang | 0.4.0 | 23.87 | 214.29 | 238.16 | OK | |
r-devel-linux-x86_64-debian-gcc | 0.4.0 | 15.98 | 129.80 | 145.78 | OK | |
r-devel-linux-x86_64-fedora-clang | 0.4.0 | 382.49 | OK | |||
r-devel-linux-x86_64-fedora-gcc | 0.4.0 | 370.09 | OK | |||
r-devel-macos-arm64 | 0.4.0 | 82.00 | OK | |||
r-devel-macos-x86_64 | 0.4.0 | 196.00 | OK | |||
r-devel-windows-x86_64 | 0.4.0 | 23.00 | 168.00 | 191.00 | OK | |
r-patched-linux-x86_64 | 0.4.0 | 25.04 | 200.75 | 225.79 | OK | |
r-release-linux-x86_64 | 0.4.0 | 23.20 | 199.59 | 222.79 | OK | |
r-release-macos-arm64 | 0.4.0 | 78.00 | OK | |||
r-release-macos-x86_64 | 0.4.0 | 141.00 | OK | |||
r-release-windows-x86_64 | 0.4.0 | 24.00 | 3.00 | 27.00 | FAIL | |
r-oldrel-macos-arm64 | 0.4.0 | 84.00 | OK | |||
r-oldrel-macos-x86_64 | 0.4.0 | 195.00 | OK | |||
r-oldrel-windows-x86_64 | 0.4.0 | 33.00 | 220.00 | 253.00 | OK |
Version: 0.4.0
Check: package dependencies
Result: FAIL
Flavor: r-release-windows-x86_64