Last updated on 2025-02-20 09:50:43 CET.
Flavor | Version | Tinstall | Tcheck | Ttotal | Status | Flags |
---|---|---|---|---|---|---|
r-devel-linux-x86_64-debian-clang | 1.2.2 | 80.18 | 39.14 | 119.32 | OK | |
r-devel-linux-x86_64-debian-gcc | 1.2.2 | 63.69 | 28.92 | 92.61 | OK | |
r-devel-linux-x86_64-fedora-gcc | 1.2.2 | 234.89 | OK | |||
r-devel-macos-arm64 | 1.2.2 | 72.00 | OK | |||
r-devel-macos-x86_64 | 1.2.2 | 100.00 | OK | |||
r-devel-windows-x86_64 | 1.2.2 | 407.00 | 223.00 | 630.00 | OK | |
r-patched-linux-x86_64 | 1.2.2 | 89.54 | 37.03 | 126.57 | OK | |
r-release-linux-x86_64 | 1.2.2 | 86.96 | 36.82 | 123.78 | OK | |
r-release-macos-arm64 | 1.2.2 | 74.00 | NOTE | |||
r-release-macos-x86_64 | 1.2.2 | 87.00 | NOTE | |||
r-release-windows-x86_64 | 1.2.2 | 401.00 | 3.00 | 404.00 | FAIL | |
r-oldrel-macos-arm64 | 1.2.2 | 85.00 | NOTE | |||
r-oldrel-macos-x86_64 | 1.2.2 | 93.00 | NOTE | |||
r-oldrel-windows-x86_64 | 1.2.2 | 276.00 | 250.00 | 526.00 | NOTE |
Version: 1.2.2
Check: installed package size
Result: NOTE
installed size is 28.2Mb
sub-directories of 1Mb or more:
libs 28.1Mb
Flavors: r-release-macos-arm64, r-release-macos-x86_64, r-oldrel-macos-arm64, r-oldrel-macos-x86_64, r-oldrel-windows-x86_64
Version: 1.2.2
Check: package dependencies
Result: FAIL
Flavor: r-release-windows-x86_64