Last updated on 2025-02-20 09:50:43 CET.
Flavor | Version | Tinstall | Tcheck | Ttotal | Status | Flags |
---|---|---|---|---|---|---|
r-devel-linux-x86_64-debian-clang | 1.2.3 | 95.07 | 374.42 | 469.49 | OK | |
r-devel-linux-x86_64-debian-gcc | 1.2.3 | 67.75 | 266.64 | 334.39 | OK | |
r-devel-linux-x86_64-fedora-clang | 1.2.3 | 710.49 | OK | |||
r-devel-linux-x86_64-fedora-gcc | 1.2.3 | 691.20 | OK | |||
r-devel-macos-arm64 | 1.2.3 | 186.00 | OK | |||
r-devel-macos-x86_64 | 1.2.3 | 414.00 | OK | |||
r-devel-windows-x86_64 | 1.2.3 | 93.00 | 317.00 | 410.00 | OK | |
r-patched-linux-x86_64 | 1.2.3 | 97.39 | 345.83 | 443.22 | OK | |
r-release-linux-x86_64 | 1.2.3 | 95.00 | 345.15 | 440.15 | OK | |
r-release-macos-arm64 | 1.2.3 | 176.00 | NOTE | |||
r-release-macos-x86_64 | 1.2.3 | 252.00 | NOTE | |||
r-release-windows-x86_64 | 1.2.3 | 96.00 | 325.00 | 421.00 | OK | |
r-oldrel-macos-arm64 | 1.2.3 | 190.00 | NOTE | |||
r-oldrel-macos-x86_64 | 1.2.3 | 280.00 | NOTE | |||
r-oldrel-windows-x86_64 | 1.2.3 | 114.00 | 417.00 | 531.00 | OK |
Version: 1.2.3
Check: installed package size
Result: NOTE
installed size is 8.5Mb
sub-directories of 1Mb or more:
data 1.4Mb
libs 6.2Mb
Flavors: r-release-macos-arm64, r-release-macos-x86_64, r-oldrel-macos-arm64, r-oldrel-macos-x86_64