Last updated on 2025-07-12 09:49:13 CEST.
Flavor | Version | Tinstall | Tcheck | Ttotal | Status | Flags |
---|---|---|---|---|---|---|
r-devel-linux-x86_64-debian-clang | 0.1.0 | 5.52 | 57.75 | 63.27 | OK | |
r-devel-linux-x86_64-debian-gcc | 0.1.0 | 5.40 | 43.69 | 49.09 | WARN | |
r-devel-linux-x86_64-fedora-clang | 0.1.0 | 98.92 | OK | |||
r-devel-linux-x86_64-fedora-gcc | 0.1.0 | 107.39 | OK | |||
r-devel-windows-x86_64 | 0.1.0 | 7.00 | 86.00 | 93.00 | OK | |
r-patched-linux-x86_64 | 0.1.0 | 6.98 | 53.74 | 60.72 | OK | |
r-release-linux-x86_64 | 0.1.0 | 5.60 | 52.74 | 58.34 | OK | |
r-release-macos-arm64 | 0.1.0 | 39.00 | OK | |||
r-release-macos-x86_64 | 0.1.0 | 98.00 | OK | |||
r-release-windows-x86_64 | 0.1.0 | 8.00 | 80.00 | 88.00 | OK | |
r-oldrel-macos-arm64 | 0.1.0 | 46.00 | OK | |||
r-oldrel-macos-x86_64 | 0.1.0 | 101.00 | OK | |||
r-oldrel-windows-x86_64 | 0.1.0 | 10.00 | 94.00 | 104.00 | OK |
Version: 0.1.0
Check: replacement functions
Result: WARN
‘format.:.bidsr::BIDSClassBase’ ‘as.character.:.bidsr::BIDSClassBase’
‘print.:.bidsr::BIDSClassBase’ ‘names.:.bidsr::BIDSClassBase’
‘[[.:.bidsr::BIDSClassBase’ ‘$.:.bidsr::BIDSClassBase’
‘as.list.:.bidsr::BIDSClassBase’
‘as.data.frame.:.bidsr::BIDSClassBase’ ‘format.:.bidsr::BIDSMap’
‘names.:.bidsr::BIDSMap’ ‘[[.:.bidsr::BIDSMap’
‘as.list.:.bidsr::BIDSMap’ ‘format.:.bidsr::BIDSEntity’
‘format.:.bidsr::BIDSEntity_label_required’
‘format.:.bidsr::BIDSEntity_label_optional’
‘format.:.bidsr::BIDSEntity_label_prohibited’
‘format.:.bidsr::BIDSEntity_index_required’
‘format.:.bidsr::BIDSEntity_index_optional’
‘format.:.bidsr::BIDSEntity_index_prohibited’
‘format.:.bidsr::BIDSEntity_any_required’
‘format.:.bidsr::BIDSEntity_any_optional’
‘format.:.bidsr::BIDSEntity_any_prohibited’
‘names.:.bidsr::BIDSTabularColumnDescriptor’
‘as.list.:.bidsr::BIDSTabularColumnDescriptor’
‘format.:.bidsr::BIDSTabularColumnDescriptor’
‘format.:.bidsr::BIDSTabularMetaSidecar’ ‘print.:.bidsr::BIDSTabular’
‘format.:.bidsr::BIDSEntityFile’ ‘print.:.bidsr::BIDSEntityFile’
‘names.:.bidsr::BIDSEntityFile’ ‘[[.:.bidsr::BIDSEntityFile’
‘format.:.bidsr::BIDSDatasetGeneratedBy’
‘format.:.bidsr::BIDSDatasetDescription’
‘format.:.bidsr::BIDSProject’ ‘print.:.bidsr::BIDSProject’
‘[[.:.bidsr::BIDSProject’ ‘names.:.bidsr::BIDSProject’
‘print.:.bidsr::BIDSSubject’
The argument of a replacement function which corresponds to the right
hand side must be named ‘value’.
Flavor: r-devel-linux-x86_64-debian-gcc