CRAN Package Check Results for Package biblio

Last updated on 2025-02-17 09:49:35 CET.

Flavor Version Tinstall Tcheck Ttotal Status Flags
r-devel-linux-x86_64-debian-clang 0.0.10 7.03 53.90 60.93 NOTE
r-devel-linux-x86_64-debian-gcc 0.0.10 5.31 38.25 43.56 NOTE
r-devel-linux-x86_64-fedora-clang 0.0.10 97.52 OK
r-devel-linux-x86_64-fedora-gcc 0.0.10 89.06 OK
r-devel-macos-arm64 0.0.10 36.00 OK
r-devel-macos-x86_64 0.0.10 58.00 OK
r-devel-windows-x86_64 0.0.10 10.00 75.00 85.00 NOTE
r-patched-linux-x86_64 0.0.10 11.23 49.48 60.71 OK
r-release-linux-x86_64 0.0.10 6.06 49.72 55.78 OK
r-release-macos-arm64 0.0.10 37.00 OK
r-release-macos-x86_64 0.0.10 95.00 OK
r-release-windows-x86_64 0.0.10 12.00 73.00 85.00 OK
r-oldrel-macos-arm64 0.0.10 44.00 OK
r-oldrel-macos-x86_64 0.0.10 68.00 OK
r-oldrel-windows-x86_64 0.0.10 12.00 107.00 119.00 OK

Check Details

Version: 0.0.10
Check: Rd cross-references
Result: NOTE Found the following Rd file(s) with Rd \link{} targets missing package anchors: detect_keys.Rd: read_rmd doi2bib.Rd: cr_cn reflist.Rd: write_rmd, render_rmd Please provide package anchors for all Rd \link{} targets not in the package itself and the base packages. Flavors: r-devel-linux-x86_64-debian-clang, r-devel-linux-x86_64-debian-gcc, r-devel-windows-x86_64