CRAN Package Check Results for Package bfsMaps

Last updated on 2025-02-20 09:50:43 CET.

Flavor Version Tinstall Tcheck Ttotal Status Flags
r-devel-linux-x86_64-debian-clang 1.99.3 11.22 99.28 110.50 NOTE
r-devel-linux-x86_64-debian-gcc 1.99.3 8.34 71.69 80.03 NOTE
r-devel-linux-x86_64-fedora-clang 1.99.3 168.48 OK
r-devel-linux-x86_64-fedora-gcc 1.99.3 179.89 OK
r-devel-macos-arm64 1.99.3 61.00 OK
r-devel-macos-x86_64 1.99.3 131.00 OK
r-devel-windows-x86_64 1.99.3 11.00 105.00 116.00 NOTE
r-patched-linux-x86_64 1.99.3 19.48 91.18 110.66 OK
r-release-linux-x86_64 1.99.3 11.43 92.68 104.11 OK
r-release-macos-arm64 1.99.3 52.00 OK
r-release-macos-x86_64 1.99.3 87.00 OK
r-release-windows-x86_64 1.99.3 11.00 3.00 14.00 FAIL
r-oldrel-macos-arm64 1.99.3 52.00 OK
r-oldrel-macos-x86_64 1.99.3 120.00 OK
r-oldrel-windows-x86_64 1.99.3 15.00 120.00 135.00 OK

Check Details

Version: 1.99.3
Check: Rd cross-references
Result: NOTE Found the following Rd file(s) with Rd \link{} targets missing package anchors: CombinePolygons.Rd: st_union Please provide package anchors for all Rd \link{} targets not in the package itself and the base packages. Flavors: r-devel-linux-x86_64-debian-clang, r-devel-linux-x86_64-debian-gcc, r-devel-windows-x86_64

Version: 1.99.3
Check: package dependencies
Result: FAIL
Flavor: r-release-windows-x86_64