Last updated on 2025-02-19 09:50:43 CET.
Flavor | Version | Tinstall | Tcheck | Ttotal | Status | Flags |
---|---|---|---|---|---|---|
r-devel-linux-x86_64-debian-clang | 0.0-48 | 42.14 | 60.34 | 102.48 | OK | |
r-devel-linux-x86_64-debian-gcc | 0.0-48 | 30.90 | 42.06 | 72.96 | OK | |
r-devel-linux-x86_64-fedora-clang | 0.0-48 | 196.71 | OK | |||
r-devel-linux-x86_64-fedora-gcc | 0.0-48 | 188.83 | OK | |||
r-devel-macos-arm64 | 0.0-48 | 51.00 | OK | |||
r-devel-macos-x86_64 | 0.0-48 | 123.00 | OK | |||
r-devel-windows-x86_64 | 0.0-48 | 50.00 | 122.00 | 172.00 | OK | |
r-patched-linux-x86_64 | 0.0-48 | 43.95 | 56.99 | 100.94 | OK | |
r-release-linux-x86_64 | 0.0-48 | 42.51 | 57.04 | 99.55 | OK | |
r-release-macos-arm64 | 0.0-48 | 57.00 | OK | |||
r-release-macos-x86_64 | 0.0-48 | 110.00 | OK | |||
r-release-windows-x86_64 | 0.0-48 | 50.00 | 3.00 | 53.00 | FAIL | |
r-oldrel-macos-arm64 | 0.0-48 | 59.00 | OK | |||
r-oldrel-macos-x86_64 | 0.0-48 | 116.00 | OK | |||
r-oldrel-windows-x86_64 | 0.0-48 | 52.00 | 155.00 | 207.00 | OK |
Version: 0.0-48
Check: package dependencies
Result: FAIL
Flavor: r-release-windows-x86_64