Last updated on 2025-02-20 09:50:43 CET.
Flavor | Version | Tinstall | Tcheck | Ttotal | Status | Flags |
---|---|---|---|---|---|---|
r-devel-linux-x86_64-debian-clang | 1.7.0 | 15.56 | 73.03 | 88.59 | OK | |
r-devel-linux-x86_64-debian-gcc | 1.7.0 | 11.51 | 49.88 | 61.39 | OK | |
r-devel-linux-x86_64-fedora-clang | 1.7.0 | 141.88 | OK | |||
r-devel-linux-x86_64-fedora-gcc | 1.7.0 | 134.83 | OK | |||
r-devel-macos-arm64 | 1.7.0 | 44.00 | OK | |||
r-devel-macos-x86_64 | 1.7.0 | 80.00 | OK | |||
r-devel-windows-x86_64 | 1.7.0 | 22.00 | 107.00 | 129.00 | OK | |
r-patched-linux-x86_64 | 1.7.0 | 17.15 | 64.80 | 81.95 | OK | |
r-release-linux-x86_64 | 1.7.0 | 15.21 | 64.85 | 80.06 | OK | |
r-release-macos-arm64 | 1.7.0 | 42.00 | OK | |||
r-release-macos-x86_64 | 1.7.0 | 68.00 | OK | |||
r-release-windows-x86_64 | 1.7.0 | 22.00 | 3.00 | 25.00 | FAIL | |
r-oldrel-macos-arm64 | 1.7.0 | 50.00 | OK | |||
r-oldrel-macos-x86_64 | 1.7.0 | 68.00 | OK | |||
r-oldrel-windows-x86_64 | 1.7.0 | 26.00 | 129.00 | 155.00 | OK |
Version: 1.7.0
Check: package dependencies
Result: FAIL
Flavor: r-release-windows-x86_64