CRAN Package Check Results for Package bentcableAR

Last updated on 2025-02-20 09:50:43 CET.

Flavor Version Tinstall Tcheck Ttotal Status Flags
r-devel-linux-x86_64-debian-clang 0.3.1 2.77 33.20 35.97 NOTE
r-devel-linux-x86_64-debian-gcc 0.3.1 1.85 23.51 25.36 NOTE
r-devel-linux-x86_64-fedora-clang 0.3.1 56.56 NOTE
r-devel-linux-x86_64-fedora-gcc 0.3.1 56.03 NOTE
r-devel-macos-arm64 0.3.1 19.00 NOTE
r-devel-macos-x86_64 0.3.1 49.00 NOTE
r-devel-windows-x86_64 0.3.1 3.00 50.00 53.00 NOTE
r-patched-linux-x86_64 0.3.1 2.51 30.72 33.23 NOTE
r-release-linux-x86_64 0.3.1 2.22 31.08 33.30 NOTE
r-release-macos-arm64 0.3.1 23.00 NOTE
r-release-macos-x86_64 0.3.1 46.00 NOTE
r-release-windows-x86_64 0.3.1 3.00 49.00 52.00 NOTE
r-oldrel-macos-arm64 0.3.1 22.00 OK
r-oldrel-macos-x86_64 0.3.1 29.00 OK
r-oldrel-windows-x86_64 0.3.1 4.00 54.00 58.00 OK

Check Details

Version: 0.3.1
Check: Rd files
Result: NOTE checkRd: (-1) sockeye.Rd:13-14: Lost braces in \itemize; meant \describe ? checkRd: (-1) sockeye.Rd:15-16: Lost braces in \itemize; meant \describe ? checkRd: (-1) stagnant.Rd:13: Lost braces in \itemize; meant \describe ? checkRd: (-1) stagnant.Rd:14: Lost braces in \itemize; meant \describe ? Flavors: r-devel-linux-x86_64-debian-clang, r-devel-linux-x86_64-debian-gcc, r-devel-linux-x86_64-fedora-clang, r-devel-linux-x86_64-fedora-gcc, r-devel-macos-arm64, r-devel-macos-x86_64, r-devel-windows-x86_64, r-patched-linux-x86_64, r-release-linux-x86_64, r-release-macos-arm64, r-release-macos-x86_64, r-release-windows-x86_64