CRAN Package Check Results for Package benchmarkmeData

Last updated on 2025-02-19 09:50:43 CET.

Flavor Version Tinstall Tcheck Ttotal Status Flags
r-devel-linux-x86_64-debian-clang 1.0.4 4.16 37.02 41.18 OK
r-devel-linux-x86_64-debian-gcc 1.0.4 2.84 26.74 29.58 OK
r-devel-linux-x86_64-fedora-clang 1.0.4 63.67 OK
r-devel-linux-x86_64-fedora-gcc 1.0.4 60.14 OK
r-devel-macos-arm64 1.0.4 25.00 OK
r-devel-macos-x86_64 1.0.4 39.00 OK
r-devel-windows-x86_64 1.0.4 5.00 55.00 60.00 OK
r-patched-linux-x86_64 1.0.4 3.78 34.19 37.97 OK
r-release-linux-x86_64 1.0.4 3.12 33.68 36.80 OK
r-release-macos-arm64 1.0.4 24.00 OK
r-release-macos-x86_64 1.0.4 33.00 OK
r-release-windows-x86_64 1.0.4 5.00 3.00 8.00 FAIL
r-oldrel-macos-arm64 1.0.4 24.00 OK
r-oldrel-macos-x86_64 1.0.4 37.00 OK
r-oldrel-windows-x86_64 1.0.4 6.00 60.00 66.00 OK

Check Details

Version: 1.0.4
Check: package dependencies
Result: FAIL
Flavor: r-release-windows-x86_64