Last updated on 2025-02-19 09:50:43 CET.
Flavor | Version | Tinstall | Tcheck | Ttotal | Status | Flags |
---|---|---|---|---|---|---|
r-devel-linux-x86_64-debian-clang | 1.1 | 2.67 | 28.73 | 31.40 | NOTE | |
r-devel-linux-x86_64-debian-gcc | 1.1 | 2.09 | 21.14 | 23.23 | NOTE | |
r-devel-linux-x86_64-fedora-clang | 1.1 | 50.39 | NOTE | |||
r-devel-linux-x86_64-fedora-gcc | 1.1 | 49.14 | NOTE | |||
r-devel-macos-arm64 | 1.1 | 18.00 | OK | |||
r-devel-macos-x86_64 | 1.1 | 45.00 | OK | |||
r-devel-windows-x86_64 | 1.1 | 3.00 | 48.00 | 51.00 | OK | |
r-patched-linux-x86_64 | 1.1 | 3.07 | 28.30 | 31.37 | NOTE | |
r-release-linux-x86_64 | 1.1 | 2.11 | 27.33 | 29.44 | NOTE | |
r-release-macos-arm64 | 1.1 | 24.00 | OK | |||
r-release-macos-x86_64 | 1.1 | 39.00 | OK | |||
r-release-windows-x86_64 | 1.1 | 3.00 | 49.00 | 52.00 | OK | |
r-oldrel-macos-arm64 | 1.1 | 18.00 | OK | |||
r-oldrel-macos-x86_64 | 1.1 | 28.00 | OK | |||
r-oldrel-windows-x86_64 | 1.1 | 4.00 | 51.00 | 55.00 | OK |
Version: 1.1
Check: for non-standard things in the check directory
Result: NOTE
Found the following files/directories:
‘beast_plot_toy.pdf’
Flavors: r-devel-linux-x86_64-debian-clang, r-devel-linux-x86_64-debian-gcc, r-devel-linux-x86_64-fedora-clang, r-devel-linux-x86_64-fedora-gcc, r-patched-linux-x86_64, r-release-linux-x86_64