Last updated on 2025-02-19 09:50:43 CET.
Flavor | Version | Tinstall | Tcheck | Ttotal | Status | Flags |
---|---|---|---|---|---|---|
r-devel-linux-x86_64-debian-clang | 1.0.1.1 | 12.45 | 75.75 | 88.20 | NOTE | |
r-devel-linux-x86_64-debian-gcc | 1.0.1.1 | 8.58 | 51.77 | 60.35 | NOTE | |
r-devel-linux-x86_64-fedora-clang | 1.0.1.1 | 139.25 | NOTE | |||
r-devel-linux-x86_64-fedora-gcc | 1.0.1.1 | 132.95 | NOTE | |||
r-devel-macos-arm64 | 1.0.1.1 | 41.00 | NOTE | |||
r-devel-macos-x86_64 | 1.0.1.1 | 71.00 | NOTE | |||
r-devel-windows-x86_64 | 1.0.1.1 | 14.00 | 97.00 | 111.00 | NOTE | |
r-patched-linux-x86_64 | 1.0.1.1 | 12.63 | 71.37 | 84.00 | NOTE | |
r-release-linux-x86_64 | 1.0.1.1 | 10.80 | 69.17 | 79.97 | NOTE | |
r-release-macos-arm64 | 1.0.1.1 | 37.00 | NOTE | |||
r-release-macos-x86_64 | 1.0.1.1 | 57.00 | NOTE | |||
r-release-windows-x86_64 | 1.0.1.1 | 16.00 | 93.00 | 109.00 | NOTE | |
r-oldrel-macos-arm64 | 1.0.1.1 | 40.00 | OK | |||
r-oldrel-macos-x86_64 | 1.0.1.1 | 65.00 | OK | |||
r-oldrel-windows-x86_64 | 1.0.1.1 | 19.00 | 140.00 | 159.00 | OK |
Version: 1.0.1.1
Check: Rd files
Result: NOTE
checkRd: (-1) bde.Rd:20: Lost braces in \itemize; meant \describe ?
checkRd: (-1) bde.Rd:21: Lost braces in \itemize; meant \describe ?
checkRd: (-1) bde.Rd:22: Lost braces in \itemize; meant \describe ?
checkRd: (-1) bde.Rd:23: Lost braces in \itemize; meant \describe ?
checkRd: (-1) bde.Rd:34: Lost braces in \itemize; meant \describe ?
checkRd: (-1) bde.Rd:35: Lost braces in \itemize; meant \describe ?
checkRd: (-1) bde.Rd:36: Lost braces in \itemize; meant \describe ?
checkRd: (-1) bde.Rd:37: Lost braces in \itemize; meant \describe ?
checkRd: (-1) bde.Rd:42: Lost braces in \itemize; meant \describe ?
checkRd: (-1) bde.Rd:47: Lost braces in \itemize; meant \describe ?
checkRd: (-1) bde.Rd:48: Lost braces in \itemize; meant \describe ?
checkRd: (-1) bde.Rd:49: Lost braces in \itemize; meant \describe ?
checkRd: (-1) bde.Rd:54: Lost braces in \itemize; meant \describe ?
checkRd: (-1) bde.Rd:55: Lost braces in \itemize; meant \describe ?
checkRd: (-1) bde.Rd:56: Lost braces in \itemize; meant \describe ?
Flavors: r-devel-linux-x86_64-debian-clang, r-devel-linux-x86_64-debian-gcc, r-devel-linux-x86_64-fedora-clang, r-devel-linux-x86_64-fedora-gcc, r-devel-macos-arm64, r-devel-macos-x86_64, r-devel-windows-x86_64, r-patched-linux-x86_64, r-release-linux-x86_64, r-release-macos-arm64, r-release-macos-x86_64, r-release-windows-x86_64