Last updated on 2025-02-15 09:52:37 CET.
Flavor | Version | Tinstall | Tcheck | Ttotal | Status | Flags |
---|---|---|---|---|---|---|
r-devel-linux-x86_64-debian-clang | 0.1.15 | 5.40 | 40.44 | 45.84 | OK | |
r-devel-linux-x86_64-debian-gcc | 0.1.15 | 3.84 | 31.39 | 35.23 | OK | |
r-devel-linux-x86_64-fedora-clang | 0.1.15 | 73.02 | OK | |||
r-devel-linux-x86_64-fedora-gcc | 0.1.15 | 68.13 | OK | |||
r-devel-macos-arm64 | 0.1.15 | 27.00 | OK | |||
r-devel-macos-x86_64 | 0.1.15 | 41.00 | OK | |||
r-devel-windows-x86_64 | 0.1.15 | 7.00 | 57.00 | 64.00 | OK | |
r-patched-linux-x86_64 | 0.1.15 | 4.12 | 38.19 | 42.31 | NOTE | |
r-release-linux-x86_64 | 0.1.15 | 4.69 | 39.86 | 44.55 | NOTE | |
r-release-macos-arm64 | 0.1.15 | 25.00 | NOTE | |||
r-release-macos-x86_64 | 0.1.15 | 37.00 | NOTE | |||
r-release-windows-x86_64 | 0.1.15 | 7.00 | 63.00 | 70.00 | NOTE | |
r-oldrel-macos-arm64 | 0.1.15 | 25.00 | NOTE | |||
r-oldrel-macos-x86_64 | 0.1.15 | 40.00 | NOTE | |||
r-oldrel-windows-x86_64 | 0.1.15 | 9.00 | 67.00 | 76.00 | NOTE |
Version: 0.1.15
Check: LazyData
Result: NOTE
'LazyData' is specified without a 'data' directory
Flavors: r-patched-linux-x86_64, r-release-linux-x86_64, r-release-macos-arm64, r-release-macos-x86_64, r-release-windows-x86_64, r-oldrel-macos-arm64, r-oldrel-macos-x86_64, r-oldrel-windows-x86_64