Last updated on 2025-02-19 09:50:42 CET.
Flavor | Version | Tinstall | Tcheck | Ttotal | Status | Flags |
---|---|---|---|---|---|---|
r-devel-linux-x86_64-debian-clang | 0.9.3 | 3.73 | 95.88 | 99.61 | NOTE | |
r-devel-linux-x86_64-debian-gcc | 0.9.3 | 2.73 | 66.09 | 68.82 | NOTE | |
r-devel-linux-x86_64-fedora-clang | 0.9.3 | 157.92 | NOTE | |||
r-devel-linux-x86_64-fedora-gcc | 0.9.3 | 168.40 | NOTE | |||
r-devel-macos-arm64 | 0.9.3 | 64.00 | OK | |||
r-devel-macos-x86_64 | 0.9.3 | 168.00 | NOTE | |||
r-devel-windows-x86_64 | 0.9.3 | 6.00 | 98.00 | 104.00 | NOTE | |
r-patched-linux-x86_64 | 0.9.3 | 4.35 | 90.52 | 94.87 | OK | |
r-release-linux-x86_64 | 0.9.3 | 3.89 | 89.84 | 93.73 | OK | |
r-release-macos-arm64 | 0.9.3 | 57.00 | OK | |||
r-release-macos-x86_64 | 0.9.3 | 96.00 | OK | |||
r-release-windows-x86_64 | 0.9.3 | 6.00 | 107.00 | 113.00 | OK | |
r-oldrel-macos-arm64 | 0.9.3 | 52.00 | OK | |||
r-oldrel-macos-x86_64 | 0.9.3 | 106.00 | OK | |||
r-oldrel-windows-x86_64 | 0.9.3 | 7.00 | 147.00 | 154.00 | OK |
Version: 0.9.3
Check: DESCRIPTION meta-information
Result: NOTE
Missing dependency on R >= 4.1.0 because package code uses the pipe
|> or function shorthand \(...) syntax added in R 4.1.0.
File(s) using such syntax:
‘helper_functions.R’
Flavors: r-devel-linux-x86_64-debian-clang, r-devel-linux-x86_64-debian-gcc, r-devel-linux-x86_64-fedora-clang, r-devel-linux-x86_64-fedora-gcc, r-devel-macos-x86_64, r-devel-windows-x86_64