Last updated on 2025-02-19 09:50:42 CET.
Flavor | Version | Tinstall | Tcheck | Ttotal | Status | Flags |
---|---|---|---|---|---|---|
r-devel-linux-x86_64-debian-clang | 0.9.99-9 | 13.09 | 109.44 | 122.53 | OK | |
r-devel-linux-x86_64-debian-gcc | 0.9.99-9 | 8.92 | 77.28 | 86.20 | OK | |
r-devel-linux-x86_64-fedora-clang | 0.9.99-9 | 210.90 | OK | |||
r-devel-linux-x86_64-fedora-gcc | 0.9.99-9 | 245.30 | OK | |||
r-devel-macos-arm64 | 0.9.99-9 | 83.00 | OK | |||
r-devel-macos-x86_64 | 0.9.99-9 | 195.00 | OK | |||
r-devel-windows-x86_64 | 0.9.99-9 | 15.00 | 183.00 | 198.00 | OK | |
r-patched-linux-x86_64 | 0.9.99-9 | 13.99 | 101.79 | 115.78 | OK | |
r-release-linux-x86_64 | 0.9.99-9 | 13.65 | 101.30 | 114.95 | OK | |
r-release-macos-arm64 | 0.9.99-9 | 81.00 | OK | |||
r-release-macos-x86_64 | 0.9.99-9 | 125.00 | OK | |||
r-release-windows-x86_64 | 0.9.99-9 | 16.00 | 3.00 | 19.00 | FAIL | |
r-oldrel-macos-arm64 | 0.9.99-9 | 87.00 | OK | |||
r-oldrel-macos-x86_64 | 0.9.99-9 | 232.00 | OK | |||
r-oldrel-windows-x86_64 | 0.9.99-9 | 17.00 | 183.00 | 200.00 | OK |
Version: 0.9.99-9
Check: package dependencies
Result: FAIL
Flavor: r-release-windows-x86_64