Last updated on 2025-02-19 09:50:42 CET.
Flavor | Version | Tinstall | Tcheck | Ttotal | Status | Flags |
---|---|---|---|---|---|---|
r-devel-linux-x86_64-debian-clang | 0.1.0 | 13.09 | 23.08 | 36.17 | OK | |
r-devel-linux-x86_64-debian-gcc | 0.1.0 | 8.56 | 18.57 | 27.13 | OK | |
r-devel-linux-x86_64-fedora-clang | 0.1.0 | 65.35 | NOTE | |||
r-devel-linux-x86_64-fedora-gcc | 0.1.0 | 61.25 | NOTE | |||
r-devel-macos-arm64 | 0.1.0 | 24.00 | OK | |||
r-devel-macos-x86_64 | 0.1.0 | 33.00 | OK | |||
r-devel-windows-x86_64 | 0.1.0 | 16.00 | 62.00 | 78.00 | OK | |
r-patched-linux-x86_64 | 0.1.0 | 11.43 | 21.89 | 33.32 | OK | |
r-release-linux-x86_64 | 0.1.0 | 11.16 | 21.85 | 33.01 | OK | |
r-release-macos-arm64 | 0.1.0 | 23.00 | OK | |||
r-release-macos-x86_64 | 0.1.0 | 30.00 | OK | |||
r-release-windows-x86_64 | 0.1.0 | 16.00 | 3.00 | 19.00 | FAIL | |
r-oldrel-macos-arm64 | 0.1.0 | 24.00 | OK | |||
r-oldrel-macos-x86_64 | 0.1.0 | 39.00 | OK | |||
r-oldrel-windows-x86_64 | 0.1.0 | 17.00 | 69.00 | 86.00 | OK |
Version: 0.1.0
Check: compiled code
Result: NOTE
File ‘batman/libs/batman.so’:
Found no calls to: ‘R_registerRoutines’, ‘R_useDynamicSymbols’
It is good practice to register native routines and to disable symbol
search.
See ‘Writing portable packages’ in the ‘Writing R Extensions’ manual.
Flavors: r-devel-linux-x86_64-fedora-clang, r-devel-linux-x86_64-fedora-gcc
Version: 0.1.0
Check: package dependencies
Result: FAIL
Flavor: r-release-windows-x86_64