Last updated on 2025-02-19 09:50:42 CET.
Flavor | Version | Tinstall | Tcheck | Ttotal | Status | Flags |
---|---|---|---|---|---|---|
r-devel-linux-x86_64-debian-clang | 1.0.0 | 3.41 | 649.13 | 652.54 | OK | |
r-devel-linux-x86_64-debian-gcc | 1.0.0 | 2.84 | 421.37 | 424.21 | OK | |
r-devel-linux-x86_64-fedora-clang | 1.0.0 | 1072.11 | OK | |||
r-devel-linux-x86_64-fedora-gcc | 1.0.0 | 1109.58 | OK | |||
r-devel-macos-arm64 | 1.0.0 | 289.00 | OK | |||
r-devel-macos-x86_64 | 1.0.0 | 754.00 | OK | |||
r-devel-windows-x86_64 | 1.0.0 | 6.00 | 797.00 | 803.00 | OK | |
r-patched-linux-x86_64 | 1.0.0 | 4.33 | 634.95 | 639.28 | OK | |
r-release-linux-x86_64 | 1.0.0 | 3.69 | 624.01 | 627.70 | OK | |
r-release-macos-arm64 | 1.0.0 | 263.00 | OK | |||
r-release-macos-x86_64 | 1.0.0 | 480.00 | OK | |||
r-release-windows-x86_64 | 1.0.0 | 6.00 | 3.00 | 9.00 | FAIL | |
r-oldrel-macos-arm64 | 1.0.0 | 252.00 | OK | |||
r-oldrel-macos-x86_64 | 1.0.0 | 752.00 | OK | |||
r-oldrel-windows-x86_64 | 1.0.0 | 7.00 | 903.00 | 910.00 | OK |
Version: 1.0.0
Check: package dependencies
Result: FAIL
Flavor: r-release-windows-x86_64