Last updated on 2025-02-17 09:49:35 CET.
Flavor | Version | Tinstall | Tcheck | Ttotal | Status | Flags |
---|---|---|---|---|---|---|
r-devel-linux-x86_64-debian-clang | 0.1.1 | 20.17 | 157.40 | 177.57 | NOTE | |
r-devel-linux-x86_64-debian-gcc | 0.1.1 | 15.04 | 111.42 | 126.46 | NOTE | |
r-devel-linux-x86_64-fedora-clang | 0.1.1 | 291.53 | NOTE | |||
r-devel-linux-x86_64-fedora-gcc | 0.1.1 | 275.58 | NOTE | |||
r-devel-macos-arm64 | 0.1.1 | 76.00 | OK | |||
r-devel-macos-x86_64 | 0.1.1 | 156.00 | NOTE | |||
r-devel-windows-x86_64 | 0.1.1 | 21.00 | 160.00 | 181.00 | NOTE | |
r-patched-linux-x86_64 | 0.1.1 | 17.72 | 147.33 | 165.05 | OK | |
r-release-linux-x86_64 | 0.1.1 | 17.95 | 144.94 | 162.89 | OK | |
r-release-macos-arm64 | 0.1.1 | 71.00 | OK | |||
r-release-macos-x86_64 | 0.1.1 | 189.00 | OK | |||
r-release-windows-x86_64 | 0.1.1 | 19.00 | 162.00 | 181.00 | OK | |
r-oldrel-macos-arm64 | 0.1.1 | 85.00 | OK | |||
r-oldrel-macos-x86_64 | 0.1.1 | 220.00 | OK | |||
r-oldrel-windows-x86_64 | 0.1.1 | 29.00 | 190.00 | 219.00 | OK |
Version: 0.1.1
Check: DESCRIPTION meta-information
Result: NOTE
Missing dependency on R >= 4.1.0 because package code uses the pipe
|> or function shorthand \(...) syntax added in R 4.1.0.
File(s) using such syntax:
‘acceptenceRate.R’ ‘extractTreeData.R’ ‘generic_functions.R’
‘permVint.R’ ‘plot_all_trees.R’ ‘splitDensity.R’ ‘treeBarPlot.R’
‘treeDataframe.R’ ‘treeList.R’ ‘vintPlot.R’
Flavors: r-devel-linux-x86_64-debian-clang, r-devel-linux-x86_64-debian-gcc, r-devel-linux-x86_64-fedora-clang, r-devel-linux-x86_64-fedora-gcc, r-devel-macos-x86_64, r-devel-windows-x86_64