Last updated on 2025-02-20 09:50:43 CET.
Flavor | Version | Tinstall | Tcheck | Ttotal | Status | Flags |
---|---|---|---|---|---|---|
r-devel-linux-x86_64-debian-clang | 1.3.0 | 2.04 | 20.72 | 22.76 | NOTE | |
r-devel-linux-x86_64-debian-gcc | 1.3.0 | 1.60 | 16.69 | 18.29 | NOTE | |
r-devel-linux-x86_64-fedora-clang | 1.3.0 | 35.87 | NOTE | |||
r-devel-linux-x86_64-fedora-gcc | 1.3.0 | 34.44 | NOTE | |||
r-devel-macos-arm64 | 1.3.0 | 17.00 | NOTE | |||
r-devel-macos-x86_64 | 1.3.0 | 26.00 | NOTE | |||
r-devel-windows-x86_64 | 1.3.0 | 3.00 | 49.00 | 52.00 | NOTE | |
r-patched-linux-x86_64 | 1.3.0 | 2.16 | 20.05 | 22.21 | NOTE | |
r-release-linux-x86_64 | 1.3.0 | 1.99 | 19.75 | 21.74 | NOTE | |
r-release-macos-arm64 | 1.3.0 | 21.00 | NOTE | |||
r-release-macos-x86_64 | 1.3.0 | 23.00 | NOTE | |||
r-release-windows-x86_64 | 1.3.0 | 3.00 | 42.00 | 45.00 | NOTE | |
r-oldrel-macos-arm64 | 1.3.0 | 16.00 | NOTE | |||
r-oldrel-macos-x86_64 | 1.3.0 | 23.00 | NOTE | |||
r-oldrel-windows-x86_64 | 1.3.0 | 3.00 | 48.00 | 51.00 | NOTE |
Version: 1.3.0
Check: Rd files
Result: NOTE
checkRd: (-1) barcode.Rd:52: Escaped LaTeX specials: \&
Flavors: r-devel-linux-x86_64-debian-clang, r-devel-linux-x86_64-debian-gcc, r-devel-linux-x86_64-fedora-clang, r-devel-linux-x86_64-fedora-gcc, r-devel-macos-arm64, r-devel-macos-x86_64, r-devel-windows-x86_64, r-patched-linux-x86_64, r-release-linux-x86_64, r-release-macos-arm64, r-release-macos-x86_64, r-release-windows-x86_64, r-oldrel-macos-arm64, r-oldrel-macos-x86_64, r-oldrel-windows-x86_64